{"id":12010,"date":"2016-12-21T14:15:46","date_gmt":"2016-12-21T13:15:46","guid":{"rendered":"http:\/\/www.josemariatornay.com\/?page_id=12010"},"modified":"2016-12-21T14:18:39","modified_gmt":"2016-12-21T13:18:39","slug":"tes-pilonga-de-oro","status":"publish","type":"page","link":"http:\/\/www.josemariatornay.com\/index.php\/tes-pilonga-de-oro\/","title":{"rendered":"TES: Pilonga de oro"},"content":{"rendered":"\t\t<div data-elementor-type=\"wp-page\" data-elementor-id=\"12010\" class=\"elementor elementor-12010 elementor-bc-flex-widget\">\n\t\t\t\t\t\t<section class=\"elementor-section elementor-top-section elementor-element elementor-element-0c70tsw elementor-section-boxed elementor-section-height-default elementor-section-height-default\" data-id=\"0c70tsw\" data-element_type=\"section\">\n\t\t\t\t\t\t<div class=\"elementor-container elementor-column-gap-default\">\n\t\t\t\t\t<div class=\"elementor-column elementor-col-100 elementor-top-column elementor-element elementor-element-h1hgcfq\" data-id=\"h1hgcfq\" data-element_type=\"column\">\n\t\t\t<div class=\"elementor-widget-wrap elementor-element-populated\">\n\t\t\t\t\t\t<div class=\"elementor-element elementor-element-2q0jysv elementor-position-top elementor-widget elementor-widget-image-box\" data-id=\"2q0jysv\" data-element_type=\"widget\" data-widget_type=\"image-box.default\">\n\t\t\t\t<div class=\"elementor-widget-container\">\n\t\t\t<style>\/*! elementor - v3.20.0 - 20-03-2024 *\/\n.elementor-widget-image-box .elementor-image-box-content{width:100%}@media (min-width:768px){.elementor-widget-image-box.elementor-position-left .elementor-image-box-wrapper,.elementor-widget-image-box.elementor-position-right .elementor-image-box-wrapper{display:flex}.elementor-widget-image-box.elementor-position-right .elementor-image-box-wrapper{text-align:right;flex-direction:row-reverse}.elementor-widget-image-box.elementor-position-left .elementor-image-box-wrapper{text-align:left;flex-direction:row}.elementor-widget-image-box.elementor-position-top .elementor-image-box-img{margin:auto}.elementor-widget-image-box.elementor-vertical-align-top .elementor-image-box-wrapper{align-items:flex-start}.elementor-widget-image-box.elementor-vertical-align-middle .elementor-image-box-wrapper{align-items:center}.elementor-widget-image-box.elementor-vertical-align-bottom .elementor-image-box-wrapper{align-items:flex-end}}@media (max-width:767px){.elementor-widget-image-box .elementor-image-box-img{margin-left:auto!important;margin-right:auto!important;margin-bottom:15px}}.elementor-widget-image-box .elementor-image-box-img{display:inline-block}.elementor-widget-image-box .elementor-image-box-title a{color:inherit}.elementor-widget-image-box .elementor-image-box-wrapper{text-align:center}.elementor-widget-image-box .elementor-image-box-description{margin:0}<\/style><div class=\"elementor-image-box-wrapper\"><figure class=\"elementor-image-box-img\"><img fetchpriority=\"high\" decoding=\"async\" width=\"778\" height=\"566\" src=\"http:\/\/www.josemariatornay.com\/wp-content\/uploads\/2016\/12\/La-pilonga-de-oro-en-igualeja-1.jpg\" class=\"attachment-full size-full wp-image-12012\" alt=\"\" srcset=\"http:\/\/www.josemariatornay.com\/wp-content\/uploads\/2016\/12\/La-pilonga-de-oro-en-igualeja-1.jpg 778w, http:\/\/www.josemariatornay.com\/wp-content\/uploads\/2016\/12\/La-pilonga-de-oro-en-igualeja-1-300x218.jpg 300w, http:\/\/www.josemariatornay.com\/wp-content\/uploads\/2016\/12\/La-pilonga-de-oro-en-igualeja-1-768x559.jpg 768w\" sizes=\"(max-width: 778px) 100vw, 778px\" \/><\/figure><div class=\"elementor-image-box-content\"><h3 class=\"elementor-image-box-title\">Pilonga de oro<\/h3><p class=\"elementor-image-box-description\">Jos\u00e9 M\u00aa Ortega y Antonio Becerra fueron los encargados de poner en marcha la famosa representaci\u00f3n de LA PASI\u00d3N de Igualeja. En esta imagen podemos ver el homenaje que les dedicaron los vecinos y autoridades del entra\u00f1able pueblo serrano, al imponerles su m\u00e1xima distinci\u00f3n la PILONGA DE ORO.<\/p><\/div><\/div>\t\t<\/div>\n\t\t\t\t<\/div>\n\t\t\t\t\t<\/div>\n\t\t<\/div>\n\t\t\t\t\t<\/div>\n\t\t<\/section>\n\t\t\t\t<\/div>\n\t\t","protected":false},"excerpt":{"rendered":"<p>Pilonga de oro Jos\u00e9 M\u00aa Ortega y Antonio Becerra fueron los encargados de poner en marcha la famosa representaci\u00f3n de LA PASI\u00d3N de Igualeja. En esta imagen podemos ver el homenaje que les dedicaron los vecinos y autoridades del entra\u00f1able pueblo serrano, al imponerles su m\u00e1xima distinci\u00f3n la PILONGA DE ORO.<\/p>\n","protected":false},"author":1,"featured_media":0,"parent":0,"menu_order":0,"comment_status":"closed","ping_status":"closed","template":"","meta":{"_aioseop_title":"","_aioseop_description":"","ngg_post_thumbnail":0,"footnotes":""},"_links":{"self":[{"href":"http:\/\/www.josemariatornay.com\/index.php\/wp-json\/wp\/v2\/pages\/12010"}],"collection":[{"href":"http:\/\/www.josemariatornay.com\/index.php\/wp-json\/wp\/v2\/pages"}],"about":[{"href":"http:\/\/www.josemariatornay.com\/index.php\/wp-json\/wp\/v2\/types\/page"}],"author":[{"embeddable":true,"href":"http:\/\/www.josemariatornay.com\/index.php\/wp-json\/wp\/v2\/users\/1"}],"replies":[{"embeddable":true,"href":"http:\/\/www.josemariatornay.com\/index.php\/wp-json\/wp\/v2\/comments?post=12010"}],"version-history":[{"count":0,"href":"http:\/\/www.josemariatornay.com\/index.php\/wp-json\/wp\/v2\/pages\/12010\/revisions"}],"wp:attachment":[{"href":"http:\/\/www.josemariatornay.com\/index.php\/wp-json\/wp\/v2\/media?parent=12010"}],"curies":[{"name":"wp","href":"https:\/\/api.w.org\/{rel}","templated":true}]}}

<div data-elementor-type="wp-page" data-elementor-id="12010" class="elementor elementor-12010 elementor-bc-flex-widget">
						<section class="elementor-section elementor-top-section elementor-element elementor-element-0c70tsw elementor-section-boxed elementor-section-height-default elementor-section-height-default" data-id="0c70tsw" data-element_type="section">
						<div class="elementor-container elementor-column-gap-default">
					<div class="elementor-column elementor-col-100 elementor-top-column elementor-element elementor-element-h1hgcfq" data-id="h1hgcfq" data-element_type="column">
			<div class="elementor-widget-wrap elementor-element-populated">
						<div class="elementor-element elementor-element-2q0jysv elementor-position-top elementor-widget elementor-widget-image-box" data-id="2q0jysv" data-element_type="widget" data-widget_type="image-box.default">
				<div class="elementor-widget-container">
			<style>/*! elementor - v3.20.0 - 20-03-2024 */
.elementor-widget-image-box .elementor-image-box-content{width:100%}@media (min-width:768px){.elementor-widget-image-box.elementor-position-left .elementor-image-box-wrapper,.elementor-widget-image-box.elementor-position-right .elementor-image-box-wrapper{display:flex}.elementor-widget-image-box.elementor-position-right .elementor-image-box-wrapper{text-align:right;flex-direction:row-reverse}.elementor-widget-image-box.elementor-position-left .elementor-image-box-wrapper{text-align:left;flex-direction:row}.elementor-widget-image-box.elementor-position-top .elementor-image-box-img{margin:auto}.elementor-widget-image-box.elementor-vertical-align-top .elementor-image-box-wrapper{align-items:flex-start}.elementor-widget-image-box.elementor-vertical-align-middle .elementor-image-box-wrapper{align-items:center}.elementor-widget-image-box.elementor-vertical-align-bottom .elementor-image-box-wrapper{align-items:flex-end}}@media (max-width:767px){.elementor-widget-image-box .elementor-image-box-img{margin-left:auto!important;margin-right:auto!important;margin-bottom:15px}}.elementor-widget-image-box .elementor-image-box-img{display:inline-block}.elementor-widget-image-box .elementor-image-box-title a{color:inherit}.elementor-widget-image-box .elementor-image-box-wrapper{text-align:center}.elementor-widget-image-box .elementor-image-box-description{margin:0}</style><div class="elementor-image-box-wrapper"><figure class="elementor-image-box-img"><img fetchpriority="high" decoding="async" width="778" height="566" src="http://www.josemariatornay.com/wp-content/uploads/2016/12/La-pilonga-de-oro-en-igualeja-1.jpg" class="attachment-full size-full wp-image-12012" alt="" srcset="http://www.josemariatornay.com/wp-content/uploads/2016/12/La-pilonga-de-oro-en-igualeja-1.jpg 778w, http://www.josemariatornay.com/wp-content/uploads/2016/12/La-pilonga-de-oro-en-igualeja-1-300x218.jpg 300w, http://www.josemariatornay.com/wp-content/uploads/2016/12/La-pilonga-de-oro-en-igualeja-1-768x559.jpg 768w" sizes="(max-width: 778px) 100vw, 778px" /></figure><div class="elementor-image-box-content"><h3 class="elementor-image-box-title">Pilonga de oro</h3><p class="elementor-image-box-description">José Mª Ortega y Antonio Becerra fueron los encargados de poner en marcha la famosa representación de LA PASIÓN de Igualeja. En esta imagen podemos ver el homenaje que les dedicaron los vecinos y autoridades del entrañable pueblo serrano, al imponerles su máxima distinción la PILONGA DE ORO.</p></div></div>		</div>
				</div>
					</div>
		</div>
					</div>
		</section>
				</div>

<p>Pilonga de oro José Mª Ortega y Antonio Becerra fueron los encargados de poner en marcha la famosa representación de LA PASIÓN de Igualeja. En esta imagen podemos ver el homenaje que les dedicaron los vecinos y autoridades del entrañable pueblo serrano, al imponerles su máxima distinción la PILONGA DE ORO.</p>
