{"id":12015,"date":"2016-12-21T14:45:38","date_gmt":"2016-12-21T13:45:38","guid":{"rendered":"http:\/\/www.josemariatornay.com\/?page_id=12015"},"modified":"2016-12-21T14:48:24","modified_gmt":"2016-12-21T13:48:24","slug":"tes-poesia-en-acinipo","status":"publish","type":"page","link":"http:\/\/www.josemariatornay.com\/index.php\/tes-poesia-en-acinipo\/","title":{"rendered":"TES: Poes\u00eda en Acinipo"},"content":{"rendered":"\t\t<div data-elementor-type=\"wp-page\" data-elementor-id=\"12015\" class=\"elementor elementor-12015 elementor-bc-flex-widget\">\n\t\t\t\t\t\t<section class=\"elementor-section elementor-top-section elementor-element elementor-element-hwqgug0 elementor-section-boxed elementor-section-height-default elementor-section-height-default\" data-id=\"hwqgug0\" data-element_type=\"section\">\n\t\t\t\t\t\t<div class=\"elementor-container elementor-column-gap-default\">\n\t\t\t\t\t<div class=\"elementor-column elementor-col-100 elementor-top-column elementor-element elementor-element-mw4xpgh\" data-id=\"mw4xpgh\" data-element_type=\"column\">\n\t\t\t<div class=\"elementor-widget-wrap elementor-element-populated\">\n\t\t\t\t\t\t<div class=\"elementor-element elementor-element-x1kk80p elementor-position-top elementor-widget elementor-widget-image-box\" data-id=\"x1kk80p\" data-element_type=\"widget\" data-widget_type=\"image-box.default\">\n\t\t\t\t<div class=\"elementor-widget-container\">\n\t\t\t<style>\/*! elementor - v3.20.0 - 20-03-2024 *\/\n.elementor-widget-image-box .elementor-image-box-content{width:100%}@media (min-width:768px){.elementor-widget-image-box.elementor-position-left .elementor-image-box-wrapper,.elementor-widget-image-box.elementor-position-right .elementor-image-box-wrapper{display:flex}.elementor-widget-image-box.elementor-position-right .elementor-image-box-wrapper{text-align:right;flex-direction:row-reverse}.elementor-widget-image-box.elementor-position-left .elementor-image-box-wrapper{text-align:left;flex-direction:row}.elementor-widget-image-box.elementor-position-top .elementor-image-box-img{margin:auto}.elementor-widget-image-box.elementor-vertical-align-top .elementor-image-box-wrapper{align-items:flex-start}.elementor-widget-image-box.elementor-vertical-align-middle .elementor-image-box-wrapper{align-items:center}.elementor-widget-image-box.elementor-vertical-align-bottom .elementor-image-box-wrapper{align-items:flex-end}}@media (max-width:767px){.elementor-widget-image-box .elementor-image-box-img{margin-left:auto!important;margin-right:auto!important;margin-bottom:15px}}.elementor-widget-image-box .elementor-image-box-img{display:inline-block}.elementor-widget-image-box .elementor-image-box-title a{color:inherit}.elementor-widget-image-box .elementor-image-box-wrapper{text-align:center}.elementor-widget-image-box .elementor-image-box-description{margin:0}<\/style><div class=\"elementor-image-box-wrapper\"><figure class=\"elementor-image-box-img\"><img fetchpriority=\"high\" decoding=\"async\" width=\"778\" height=\"541\" src=\"http:\/\/www.josemariatornay.com\/wp-content\/uploads\/2016\/12\/poesiaenacinipo.jpg\" class=\"attachment-full size-full wp-image-12017\" alt=\"\" srcset=\"http:\/\/www.josemariatornay.com\/wp-content\/uploads\/2016\/12\/poesiaenacinipo.jpg 778w, http:\/\/www.josemariatornay.com\/wp-content\/uploads\/2016\/12\/poesiaenacinipo-300x209.jpg 300w, http:\/\/www.josemariatornay.com\/wp-content\/uploads\/2016\/12\/poesiaenacinipo-768x534.jpg 768w\" sizes=\"(max-width: 778px) 100vw, 778px\" \/><\/figure><div class=\"elementor-image-box-content\"><h3 class=\"elementor-image-box-title\">Poes\u00eda en Acinipo<\/h3><p class=\"elementor-image-box-description\">Al parecer se trata de un recital de poes\u00eda celebrado en Acinipo. La pongo porque he decidido no escamotear ning\u00fan documento gr\u00e1fico, pero la verdad es que es complicado asociar la imagen al TES. \u00bfAlguien puede decir qui\u00e9n es el paje de la foto?<\/p><\/div><\/div>\t\t<\/div>\n\t\t\t\t<\/div>\n\t\t\t\t\t<\/div>\n\t\t<\/div>\n\t\t\t\t\t<\/div>\n\t\t<\/section>\n\t\t\t\t<\/div>\n\t\t","protected":false},"excerpt":{"rendered":"<p>Poes\u00eda en Acinipo Al parecer se trata de un recital de poes\u00eda celebrado en Acinipo. La pongo porque he decidido no escamotear ning\u00fan documento gr\u00e1fico, pero la verdad es que es complicado asociar la imagen al TES. \u00bfAlguien puede decir qui\u00e9n es el paje de la foto?<\/p>\n","protected":false},"author":1,"featured_media":0,"parent":0,"menu_order":0,"comment_status":"closed","ping_status":"closed","template":"","meta":{"_aioseop_title":"","_aioseop_description":"","ngg_post_thumbnail":0,"footnotes":""},"_links":{"self":[{"href":"http:\/\/www.josemariatornay.com\/index.php\/wp-json\/wp\/v2\/pages\/12015"}],"collection":[{"href":"http:\/\/www.josemariatornay.com\/index.php\/wp-json\/wp\/v2\/pages"}],"about":[{"href":"http:\/\/www.josemariatornay.com\/index.php\/wp-json\/wp\/v2\/types\/page"}],"author":[{"embeddable":true,"href":"http:\/\/www.josemariatornay.com\/index.php\/wp-json\/wp\/v2\/users\/1"}],"replies":[{"embeddable":true,"href":"http:\/\/www.josemariatornay.com\/index.php\/wp-json\/wp\/v2\/comments?post=12015"}],"version-history":[{"count":0,"href":"http:\/\/www.josemariatornay.com\/index.php\/wp-json\/wp\/v2\/pages\/12015\/revisions"}],"wp:attachment":[{"href":"http:\/\/www.josemariatornay.com\/index.php\/wp-json\/wp\/v2\/media?parent=12015"}],"curies":[{"name":"wp","href":"https:\/\/api.w.org\/{rel}","templated":true}]}}

TES: Poesía en Acinipo

<div data-elementor-type="wp-page" data-elementor-id="12015" class="elementor elementor-12015 elementor-bc-flex-widget">
						<section class="elementor-section elementor-top-section elementor-element elementor-element-hwqgug0 elementor-section-boxed elementor-section-height-default elementor-section-height-default" data-id="hwqgug0" data-element_type="section">
						<div class="elementor-container elementor-column-gap-default">
					<div class="elementor-column elementor-col-100 elementor-top-column elementor-element elementor-element-mw4xpgh" data-id="mw4xpgh" data-element_type="column">
			<div class="elementor-widget-wrap elementor-element-populated">
						<div class="elementor-element elementor-element-x1kk80p elementor-position-top elementor-widget elementor-widget-image-box" data-id="x1kk80p" data-element_type="widget" data-widget_type="image-box.default">
				<div class="elementor-widget-container">
			<style>/*! elementor - v3.20.0 - 20-03-2024 */
.elementor-widget-image-box .elementor-image-box-content{width:100%}@media (min-width:768px){.elementor-widget-image-box.elementor-position-left .elementor-image-box-wrapper,.elementor-widget-image-box.elementor-position-right .elementor-image-box-wrapper{display:flex}.elementor-widget-image-box.elementor-position-right .elementor-image-box-wrapper{text-align:right;flex-direction:row-reverse}.elementor-widget-image-box.elementor-position-left .elementor-image-box-wrapper{text-align:left;flex-direction:row}.elementor-widget-image-box.elementor-position-top .elementor-image-box-img{margin:auto}.elementor-widget-image-box.elementor-vertical-align-top .elementor-image-box-wrapper{align-items:flex-start}.elementor-widget-image-box.elementor-vertical-align-middle .elementor-image-box-wrapper{align-items:center}.elementor-widget-image-box.elementor-vertical-align-bottom .elementor-image-box-wrapper{align-items:flex-end}}@media (max-width:767px){.elementor-widget-image-box .elementor-image-box-img{margin-left:auto!important;margin-right:auto!important;margin-bottom:15px}}.elementor-widget-image-box .elementor-image-box-img{display:inline-block}.elementor-widget-image-box .elementor-image-box-title a{color:inherit}.elementor-widget-image-box .elementor-image-box-wrapper{text-align:center}.elementor-widget-image-box .elementor-image-box-description{margin:0}</style><div class="elementor-image-box-wrapper"><figure class="elementor-image-box-img"><img fetchpriority="high" decoding="async" width="778" height="541" src="http://www.josemariatornay.com/wp-content/uploads/2016/12/poesiaenacinipo.jpg" class="attachment-full size-full wp-image-12017" alt="" srcset="http://www.josemariatornay.com/wp-content/uploads/2016/12/poesiaenacinipo.jpg 778w, http://www.josemariatornay.com/wp-content/uploads/2016/12/poesiaenacinipo-300x209.jpg 300w, http://www.josemariatornay.com/wp-content/uploads/2016/12/poesiaenacinipo-768x534.jpg 768w" sizes="(max-width: 778px) 100vw, 778px" /></figure><div class="elementor-image-box-content"><h3 class="elementor-image-box-title">Poesía en Acinipo</h3><p class="elementor-image-box-description">Al parecer se trata de un recital de poesía celebrado en Acinipo. La pongo porque he decidido no escamotear ningún documento gráfico, pero la verdad es que es complicado asociar la imagen al TES. ¿Alguien puede decir quién es el paje de la foto?</p></div></div>		</div>
				</div>
					</div>
		</div>
					</div>
		</section>
				</div>

<p>Poesía en Acinipo Al parecer se trata de un recital de poesía celebrado en Acinipo. La pongo porque he decidido no escamotear ningún documento gráfico, pero la verdad es que es complicado asociar la imagen al TES. ¿Alguien puede decir quién es el paje de la foto?</p>
