{"id":14686,"date":"2017-10-21T16:44:21","date_gmt":"2017-10-21T15:44:21","guid":{"rendered":"http:\/\/www.josemariatornay.com\/?page_id=14686"},"modified":"2017-10-29T19:51:07","modified_gmt":"2017-10-29T18:51:07","slug":"presentacion-libro-cuqui","status":"publish","type":"page","link":"http:\/\/www.josemariatornay.com\/index.php\/presentacion-libro-cuqui\/","title":{"rendered":"PRESENTACI\u00d3N del libro del CUQUI"},"content":{"rendered":"\t\t<div data-elementor-type=\"wp-page\" data-elementor-id=\"14686\" class=\"elementor elementor-14686 elementor-bc-flex-widget\">\n\t\t\t\t\t\t<section class=\"elementor-section elementor-top-section elementor-element elementor-element-y56zq9c elementor-section-boxed elementor-section-height-default elementor-section-height-default\" data-id=\"y56zq9c\" data-element_type=\"section\">\n\t\t\t\t\t\t<div class=\"elementor-container elementor-column-gap-default\">\n\t\t\t\t\t<div class=\"elementor-column elementor-col-50 elementor-top-column elementor-element elementor-element-wl3mhf0\" data-id=\"wl3mhf0\" data-element_type=\"column\">\n\t\t\t<div class=\"elementor-widget-wrap elementor-element-populated\">\n\t\t\t\t\t\t<div class=\"elementor-element elementor-element-j31wlb8 elementor-widget elementor-widget-image\" data-id=\"j31wlb8\" data-element_type=\"widget\" data-widget_type=\"image.default\">\n\t\t\t\t<div class=\"elementor-widget-container\">\n\t\t\t<style>\/*! elementor - v3.20.0 - 20-03-2024 *\/\n.elementor-widget-image{text-align:center}.elementor-widget-image a{display:inline-block}.elementor-widget-image a img[src$=\".svg\"]{width:48px}.elementor-widget-image img{vertical-align:middle;display:inline-block}<\/style>\t\t\t\t\t\t\t\t\t\t<img fetchpriority=\"high\" decoding=\"async\" width=\"1024\" height=\"576\" src=\"http:\/\/www.josemariatornay.com\/wp-content\/uploads\/2016\/12\/20171020_214015-1024x576.jpg\" class=\"attachment-large size-large wp-image-14685\" alt=\"\" srcset=\"http:\/\/www.josemariatornay.com\/wp-content\/uploads\/2016\/12\/20171020_214015-1024x576.jpg 1024w, http:\/\/www.josemariatornay.com\/wp-content\/uploads\/2016\/12\/20171020_214015-300x169.jpg 300w, http:\/\/www.josemariatornay.com\/wp-content\/uploads\/2016\/12\/20171020_214015-768x432.jpg 768w\" sizes=\"(max-width: 1024px) 100vw, 1024px\" \/>\t\t\t\t\t\t\t\t\t\t\t\t\t<\/div>\n\t\t\t\t<\/div>\n\t\t\t\t\t<\/div>\n\t\t<\/div>\n\t\t\t\t<div class=\"elementor-column elementor-col-50 elementor-top-column elementor-element elementor-element-ykspab2\" data-id=\"ykspab2\" data-element_type=\"column\">\n\t\t\t<div class=\"elementor-widget-wrap elementor-element-populated\">\n\t\t\t\t\t\t<div class=\"elementor-element elementor-element-ixakxxs elementor-widget elementor-widget-text-editor\" data-id=\"ixakxxs\" data-element_type=\"widget\" data-widget_type=\"text-editor.default\">\n\t\t\t\t<div class=\"elementor-widget-container\">\n\t\t\t<style>\/*! elementor - v3.20.0 - 20-03-2024 *\/\n.elementor-widget-text-editor.elementor-drop-cap-view-stacked .elementor-drop-cap{background-color:#69727d;color:#fff}.elementor-widget-text-editor.elementor-drop-cap-view-framed .elementor-drop-cap{color:#69727d;border:3px solid;background-color:transparent}.elementor-widget-text-editor:not(.elementor-drop-cap-view-default) .elementor-drop-cap{margin-top:8px}.elementor-widget-text-editor:not(.elementor-drop-cap-view-default) .elementor-drop-cap-letter{width:1em;height:1em}.elementor-widget-text-editor .elementor-drop-cap{float:left;text-align:center;line-height:1;font-size:50px}.elementor-widget-text-editor .elementor-drop-cap-letter{display:inline-block}<\/style>\t\t\t\t<p>Fue un acto entra\u00f1able y multitudinario. Impresionantes los dos temas que interpretaron Curro, Jorge y Erwin. Magn\u00edficos Tito Frutos, Pepe Luis Jim\u00e9nez y Pedro Gallo en sus intervenciones. Todos ellos trataron la faceta humana y art\u00edstica del personaje, que he tenido la fortuna de biografiar.<\/p><p>El patio del casino a rebosar. El sonido de Jos\u00e9 Mar\u00eda, como siempre, perfecto. El trabajo de Jos\u00e9 Manuel R\u00edos, perfecto y la producci\u00f3n de Queco Roca, a la altura habitual de su eficacia.<\/p>\t\t\t\t\t\t<\/div>\n\t\t\t\t<\/div>\n\t\t\t\t\t<\/div>\n\t\t<\/div>\n\t\t\t\t\t<\/div>\n\t\t<\/section>\n\t\t\t\t<section class=\"elementor-section elementor-top-section elementor-element elementor-element-pybhie6 elementor-section-boxed elementor-section-height-default elementor-section-height-default\" data-id=\"pybhie6\" data-element_type=\"section\">\n\t\t\t\t\t\t<div class=\"elementor-container elementor-column-gap-default\">\n\t\t\t\t\t<div class=\"elementor-column elementor-col-100 elementor-top-column elementor-element elementor-element-ln71vd4\" data-id=\"ln71vd4\" data-element_type=\"column\">\n\t\t\t<div class=\"elementor-widget-wrap elementor-element-populated\">\n\t\t\t\t\t\t<div class=\"elementor-element elementor-element-yxn3qv9 elementor-widget elementor-widget-image\" data-id=\"yxn3qv9\" data-element_type=\"widget\" data-widget_type=\"image.default\">\n\t\t\t\t<div class=\"elementor-widget-container\">\n\t\t\t\t\t\t\t\t\t\t\t\t\t<img decoding=\"async\" width=\"1024\" height=\"576\" src=\"http:\/\/www.josemariatornay.com\/wp-content\/uploads\/2017\/10\/Presentacion-2-1024x576.jpg\" class=\"attachment-large size-large wp-image-14688\" alt=\"\" srcset=\"http:\/\/www.josemariatornay.com\/wp-content\/uploads\/2017\/10\/Presentacion-2-1024x576.jpg 1024w, http:\/\/www.josemariatornay.com\/wp-content\/uploads\/2017\/10\/Presentacion-2-300x169.jpg 300w, http:\/\/www.josemariatornay.com\/wp-content\/uploads\/2017\/10\/Presentacion-2-768x432.jpg 768w\" sizes=\"(max-width: 1024px) 100vw, 1024px\" \/>\t\t\t\t\t\t\t\t\t\t\t\t\t<\/div>\n\t\t\t\t<\/div>\n\t\t\t\t\t<\/div>\n\t\t<\/div>\n\t\t\t\t\t<\/div>\n\t\t<\/section>\n\t\t\t\t<section class=\"elementor-section elementor-top-section elementor-element elementor-element-vvrb56h elementor-section-boxed elementor-section-height-default elementor-section-height-default\" data-id=\"vvrb56h\" data-element_type=\"section\">\n\t\t\t\t\t\t<div class=\"elementor-container elementor-column-gap-default\">\n\t\t\t\t\t<div class=\"elementor-column elementor-col-100 elementor-top-column elementor-element elementor-element-0qnsavc\" data-id=\"0qnsavc\" data-element_type=\"column\">\n\t\t\t<div class=\"elementor-widget-wrap elementor-element-populated\">\n\t\t\t\t\t\t<div class=\"elementor-element elementor-element-mzs2l21 elementor-widget elementor-widget-heading\" data-id=\"mzs2l21\" data-element_type=\"widget\" data-widget_type=\"heading.default\">\n\t\t\t\t<div class=\"elementor-widget-container\">\n\t\t\t<style>\/*! elementor - v3.20.0 - 20-03-2024 *\/\n.elementor-heading-title{padding:0;margin:0;line-height:1}.elementor-widget-heading .elementor-heading-title[class*=elementor-size-]>a{color:inherit;font-size:inherit;line-height:inherit}.elementor-widget-heading .elementor-heading-title.elementor-size-small{font-size:15px}.elementor-widget-heading .elementor-heading-title.elementor-size-medium{font-size:19px}.elementor-widget-heading .elementor-heading-title.elementor-size-large{font-size:29px}.elementor-widget-heading .elementor-heading-title.elementor-size-xl{font-size:39px}.elementor-widget-heading .elementor-heading-title.elementor-size-xxl{font-size:59px}<\/style><h2 class=\"elementor-heading-title elementor-size-default\">Cr\u00f3nica de la presentaci\u00f3n<\/h2>\t\t<\/div>\n\t\t\t\t<\/div>\n\t\t\t\t<div class=\"elementor-element elementor-element-ink3l54 elementor-widget elementor-widget-text-editor\" data-id=\"ink3l54\" data-element_type=\"widget\" data-widget_type=\"text-editor.default\">\n\t\t\t\t<div class=\"elementor-widget-container\">\n\t\t\t\t\t\t\t<p><br \/>El pasado d\u00eda 20 de octubre de 2017, a las 8 de la tarde, en el Casino de Ronda, recib\u00ed el espl\u00e9ndido regalo de que el Centro Andaluz presentara mi \u00faltimo trabajo, dedicado a ese artista ronde\u00f1o de la guitarra, la pintura y la vida, conocido como \u201cEl Cuqui\u201d.<br \/>Tal gentileza fue aprovechada para organizar un acto que cont\u00f3 con todos los ingredientes que merec\u00eda el personaje, desde intervenciones brillantes de los invitados hasta la extraordinaria actuaci\u00f3n musical que nos acompa\u00f1\u00f3.<br \/>Comenz\u00f3 la presentadora, Ani Rosillo, exponiendo los objetivos del Centro Andaluz, entre ellos, el de divulgar la cultura andaluza, que era el que mejor sintonizaba con el acontecimiento que nos congregaba en el espl\u00e9ndido patio del Casino de Ronda. A continuaci\u00f3n, dio paso a la intervenci\u00f3n de Frutos Barbero, antiguo jefe de la Obra Social de Unicaja y responsable de Infraestructuras de la Comunidad de Madrid, que hizo una semblanza humana de Antonio Gonz\u00e1lez Mu\u00f1oz, destacando su enorme naturalidad en el trato con los dem\u00e1s y su desapego de cualquier bien material, incluida la fama y el reconocimiento p\u00fablico.<br \/>Pas\u00f3 luego a presentar al experto flamenc\u00f3logo Pepe Luis Jim\u00e9nez, quien hizo un canto literario a la guitarra flamenca, adornado con im\u00e1genes de Federico Garc\u00eda Lorca y su poema dedicado a nuestra querida sonanta; sigui\u00f3 con una breve y sentida recapitulaci\u00f3n de textos y notas de prensa dedicados a nuestro personaje.<br \/>Acto seguido tuve la ocasi\u00f3n, como autor del libro, de explicar las razones del mismo y la peripecia de su elaboraci\u00f3n, a trav\u00e9s de m\u00e1s de cien horas de conversaciones con el Cuqui, un personaje entra\u00f1able y poli\u00e9drico, artista y bohemio, capaz de recordar los episodios m\u00e1s lejanos de su vida con todo detalle, aunque incapaz de acordarse de una sola fecha. \u00a1Cosas de los artistas! Trac\u00e9 algunas pinceladas de aquella Ronda de su infancia y juventud, que, a trav\u00e9s de los hechos y ocurrencias de Antonio se presenta al lector con todo un variopinto carrusel de personajes y lugares propios y t\u00edpicos de nuestra caridad y monumental ciudad. <br \/>En cuanto al libro, expuse que se trata de una edici\u00f3n para cubrir los gastos, sin que haya habido m\u00e1s beneficio por mi parte, que haber ganado, y no es poco, la amistad de Antonio, al que ya desde los a\u00f1os de mi ni\u00f1ez admiraba, pero que nunca tuve la oportunidad de conocer en profundidad.<br \/>A continuaci\u00f3n, Ani Rosillo, invit\u00f3 a tomar la palabra al prologuista del libro, Pedro Gallo, un escritor madrile\u00f1o y director de la Tabacalera Espa\u00f1ola en los tiempos en los que El Cuqui andaba conquistando Jap\u00f3n, con el que comparti\u00f3 algunos a\u00f1os de su estancia en aquel ex\u00f3tico pa\u00eds, hasta donde \u00e9ste hab\u00eda llegado impulsado por su sed de alcanzar nuevos horizontes. Destac\u00f3 Pedro la incre\u00edble facilidad de nuestro personaje para llegar al coraz\u00f3n de la gente y para ganarse la simpat\u00eda de los dem\u00e1s. Hasta tal punto que pronto fue adoptado nada menos que por el \u201cPicasso japon\u00e9s\u201d, Togo Seyi, alcanzando lo que ning\u00fan otro extranjero ha conseguido jam\u00e1s, ganar el premio m\u00e1s importante que se concede a un pintor en Jap\u00f3n. Pedro Gallo se mostraba admirado de que la enorme notoriedad adquirida por Antonio en aquel pa\u00eds como pintor y guitarrista no hubiera trascendido hasta Espa\u00f1a.<br \/>Jos\u00e9 Manuel R\u00edos nos obsequi\u00f3 con una galer\u00eda de im\u00e1genes de El Cuqui, en la que pudimos apreciar algunas de sus obras pict\u00f3ricas y recuerdos familiares y sociales, entre ellos, sus encuentros con la emperatriz de Jap\u00f3n y con el primer ministro, Sato.<br \/>Curro Bautista, Jorge Garc\u00e9s y Erwin Grafe se encargaron de poner el acento musical entre las distintas intervenciones. En primer lugar interpretaron una versi\u00f3n creada por Curro de \u201cLa leyenda del tiempo\u201d, de Camar\u00f3n de la Isla; luego nos deslumbraron con el tema \u201cOrobroy\u201d, de Dorantes. Fue una actuaci\u00f3n primorosa, llena de delicadeza y virtuosismo, que extasi\u00f3 a todos los presentes.<br \/>Por \u00faltimo, Antonio Gonz\u00e1lez Mu\u00f1oz, \u201cEl Cuqui\u201d tom\u00f3 la guitarra y nos regal\u00f3 un par de muestras de su arte genuino y original, llenas de entrega y talento, poniendo un brillante colof\u00f3n a un acto cargado de cultura y emotividad.<br \/>Como punto y final quiero constatar mi agradecimiento a todos los participantes, a los que tengo que a\u00f1adir la colaboraci\u00f3n siempre inestimable de Queco Roca, la desinteresada asistencia t\u00e9cnica de mi hijo Jos\u00e9 Mar\u00eda y, en especial, a la presidenta del Centro Andaluz, Ani Rosillo, por el inter\u00e9s mostrado hacia esta obra y a todos los asistentes al acto, que con su masiva presencia dieron lustre y esplendor al mismo.<\/p>\t\t\t\t\t\t<\/div>\n\t\t\t\t<\/div>\n\t\t\t\t\t<\/div>\n\t\t<\/div>\n\t\t\t\t\t<\/div>\n\t\t<\/section>\n\t\t\t\t<\/div>\n\t\t","protected":false},"excerpt":{"rendered":"<p>Fue un acto entra\u00f1able y multitudinario. Impresionantes los dos temas que interpretaron Curro, Jorge y Erwin. Magn\u00edficos Tito Frutos, Pepe Luis Jim\u00e9nez y Pedro Gallo en sus intervenciones. Todos ellos trataron la faceta humana y art\u00edstica del personaje, que he tenido la fortuna de biografiar. El patio del casino a rebosar. El sonido de Jos\u00e9 [&hellip;]<\/p>\n","protected":false},"author":1,"featured_media":0,"parent":0,"menu_order":0,"comment_status":"closed","ping_status":"closed","template":"","meta":{"_aioseop_title":"","_aioseop_description":"","ngg_post_thumbnail":0,"footnotes":""},"_links":{"self":[{"href":"http:\/\/www.josemariatornay.com\/index.php\/wp-json\/wp\/v2\/pages\/14686"}],"collection":[{"href":"http:\/\/www.josemariatornay.com\/index.php\/wp-json\/wp\/v2\/pages"}],"about":[{"href":"http:\/\/www.josemariatornay.com\/index.php\/wp-json\/wp\/v2\/types\/page"}],"author":[{"embeddable":true,"href":"http:\/\/www.josemariatornay.com\/index.php\/wp-json\/wp\/v2\/users\/1"}],"replies":[{"embeddable":true,"href":"http:\/\/www.josemariatornay.com\/index.php\/wp-json\/wp\/v2\/comments?post=14686"}],"version-history":[{"count":0,"href":"http:\/\/www.josemariatornay.com\/index.php\/wp-json\/wp\/v2\/pages\/14686\/revisions"}],"wp:attachment":[{"href":"http:\/\/www.josemariatornay.com\/index.php\/wp-json\/wp\/v2\/media?parent=14686"}],"curies":[{"name":"wp","href":"https:\/\/api.w.org\/{rel}","templated":true}]}}