{"id":17833,"date":"2019-02-23T09:21:59","date_gmt":"2019-02-23T08:21:59","guid":{"rendered":"http:\/\/www.josemariatornay.com\/?page_id=17833"},"modified":"2019-02-23T09:39:54","modified_gmt":"2019-02-23T08:39:54","slug":"aldehuela-en-malaga","status":"publish","type":"page","link":"http:\/\/www.josemariatornay.com\/index.php\/aldehuela-en-malaga\/","title":{"rendered":"ALDEHUELA EN M\u00c1LAGA"},"content":{"rendered":"\t\t<div data-elementor-type=\"wp-page\" data-elementor-id=\"17833\" class=\"elementor elementor-17833 elementor-bc-flex-widget\">\n\t\t\t\t\t\t<section class=\"elementor-section elementor-top-section elementor-element elementor-element-b867748 elementor-section-boxed elementor-section-height-default elementor-section-height-default\" data-id=\"b867748\" data-element_type=\"section\">\n\t\t\t\t\t\t<div class=\"elementor-container elementor-column-gap-default\">\n\t\t\t\t\t<div class=\"elementor-column elementor-col-100 elementor-top-column elementor-element elementor-element-9ade53b\" data-id=\"9ade53b\" data-element_type=\"column\">\n\t\t\t<div class=\"elementor-widget-wrap elementor-element-populated\">\n\t\t\t\t\t\t<div class=\"elementor-element elementor-element-9f96150 elementor-widget elementor-widget-heading\" data-id=\"9f96150\" data-element_type=\"widget\" data-widget_type=\"heading.default\">\n\t\t\t\t<div class=\"elementor-widget-container\">\n\t\t\t<style>\/*! elementor - v3.20.0 - 20-03-2024 *\/\n.elementor-heading-title{padding:0;margin:0;line-height:1}.elementor-widget-heading .elementor-heading-title[class*=elementor-size-]>a{color:inherit;font-size:inherit;line-height:inherit}.elementor-widget-heading .elementor-heading-title.elementor-size-small{font-size:15px}.elementor-widget-heading .elementor-heading-title.elementor-size-medium{font-size:19px}.elementor-widget-heading .elementor-heading-title.elementor-size-large{font-size:29px}.elementor-widget-heading .elementor-heading-title.elementor-size-xl{font-size:39px}.elementor-widget-heading .elementor-heading-title.elementor-size-xxl{font-size:59px}<\/style><h2 class=\"elementor-heading-title elementor-size-large\">ENTREAMIGOS RECRE\u00d3 EN EL INSTITUTO QUE LLEVA SU NOMBRE, EN M\u00c1LAGA, LA VIDA DE JOS\u00c9 MART\u00cdN DE ALDEHUELA, ESE H\u00c9ROE EOLVIDADO<\/h2>\t\t<\/div>\n\t\t\t\t<\/div>\n\t\t\t\t\t<\/div>\n\t\t<\/div>\n\t\t\t\t\t<\/div>\n\t\t<\/section>\n\t\t\t\t<section class=\"elementor-section elementor-top-section elementor-element elementor-element-9a4bfb1 elementor-section-boxed elementor-section-height-default elementor-section-height-default\" data-id=\"9a4bfb1\" data-element_type=\"section\">\n\t\t\t\t\t\t<div class=\"elementor-container elementor-column-gap-default\">\n\t\t\t\t\t<div class=\"elementor-column elementor-col-50 elementor-top-column elementor-element elementor-element-475fcfd\" data-id=\"475fcfd\" data-element_type=\"column\">\n\t\t\t<div class=\"elementor-widget-wrap elementor-element-populated\">\n\t\t\t\t\t\t<div class=\"elementor-element elementor-element-4a84865 elementor-widget elementor-widget-image\" data-id=\"4a84865\" data-element_type=\"widget\" data-widget_type=\"image.default\">\n\t\t\t\t<div class=\"elementor-widget-container\">\n\t\t\t<style>\/*! elementor - v3.20.0 - 20-03-2024 *\/\n.elementor-widget-image{text-align:center}.elementor-widget-image a{display:inline-block}.elementor-widget-image a img[src$=\".svg\"]{width:48px}.elementor-widget-image img{vertical-align:middle;display:inline-block}<\/style>\t\t\t\t\t\t\t\t\t\t<img fetchpriority=\"high\" decoding=\"async\" width=\"992\" height=\"560\" src=\"http:\/\/www.josemariatornay.com\/wp-content\/uploads\/2019\/02\/Ana.jpg\" class=\"attachment-large size-large wp-image-17836\" alt=\"\" srcset=\"http:\/\/www.josemariatornay.com\/wp-content\/uploads\/2019\/02\/Ana.jpg 992w, http:\/\/www.josemariatornay.com\/wp-content\/uploads\/2019\/02\/Ana-300x169.jpg 300w, http:\/\/www.josemariatornay.com\/wp-content\/uploads\/2019\/02\/Ana-768x434.jpg 768w\" sizes=\"(max-width: 992px) 100vw, 992px\" \/>\t\t\t\t\t\t\t\t\t\t\t\t\t<\/div>\n\t\t\t\t<\/div>\n\t\t\t\t\t<\/div>\n\t\t<\/div>\n\t\t\t\t<div class=\"elementor-column elementor-col-50 elementor-top-column elementor-element elementor-element-50eb89d\" data-id=\"50eb89d\" data-element_type=\"column\">\n\t\t\t<div class=\"elementor-widget-wrap elementor-element-populated\">\n\t\t\t\t\t\t<div class=\"elementor-element elementor-element-95aa538 elementor-widget elementor-widget-image\" data-id=\"95aa538\" data-element_type=\"widget\" data-widget_type=\"image.default\">\n\t\t\t\t<div class=\"elementor-widget-container\">\n\t\t\t\t\t\t\t\t\t\t\t\t\t<img decoding=\"async\" width=\"992\" height=\"560\" src=\"http:\/\/www.josemariatornay.com\/wp-content\/uploads\/2019\/02\/los-tres.jpg\" class=\"attachment-large size-large wp-image-17837\" alt=\"\" srcset=\"http:\/\/www.josemariatornay.com\/wp-content\/uploads\/2019\/02\/los-tres.jpg 992w, http:\/\/www.josemariatornay.com\/wp-content\/uploads\/2019\/02\/los-tres-300x169.jpg 300w, http:\/\/www.josemariatornay.com\/wp-content\/uploads\/2019\/02\/los-tres-768x434.jpg 768w\" sizes=\"(max-width: 992px) 100vw, 992px\" \/>\t\t\t\t\t\t\t\t\t\t\t\t\t<\/div>\n\t\t\t\t<\/div>\n\t\t\t\t\t<\/div>\n\t\t<\/div>\n\t\t\t\t\t<\/div>\n\t\t<\/section>\n\t\t\t\t<section class=\"elementor-section elementor-top-section elementor-element elementor-element-d782311 elementor-section-boxed elementor-section-height-default elementor-section-height-default\" data-id=\"d782311\" data-element_type=\"section\">\n\t\t\t\t\t\t<div class=\"elementor-container elementor-column-gap-default\">\n\t\t\t\t\t<div class=\"elementor-column elementor-col-50 elementor-top-column elementor-element elementor-element-5ac69b2\" data-id=\"5ac69b2\" data-element_type=\"column\">\n\t\t\t<div class=\"elementor-widget-wrap elementor-element-populated\">\n\t\t\t\t\t\t<div class=\"elementor-element elementor-element-a37b2b7 elementor-widget elementor-widget-image\" data-id=\"a37b2b7\" data-element_type=\"widget\" data-widget_type=\"image.default\">\n\t\t\t\t<div class=\"elementor-widget-container\">\n\t\t\t\t\t\t\t\t\t\t\t\t\t<img decoding=\"async\" width=\"992\" height=\"560\" src=\"http:\/\/www.josemariatornay.com\/wp-content\/uploads\/2019\/02\/jose-manuel.jpg\" class=\"attachment-large size-large wp-image-17839\" alt=\"\" srcset=\"http:\/\/www.josemariatornay.com\/wp-content\/uploads\/2019\/02\/jose-manuel.jpg 992w, http:\/\/www.josemariatornay.com\/wp-content\/uploads\/2019\/02\/jose-manuel-300x169.jpg 300w, http:\/\/www.josemariatornay.com\/wp-content\/uploads\/2019\/02\/jose-manuel-768x434.jpg 768w\" sizes=\"(max-width: 992px) 100vw, 992px\" \/>\t\t\t\t\t\t\t\t\t\t\t\t\t<\/div>\n\t\t\t\t<\/div>\n\t\t\t\t\t<\/div>\n\t\t<\/div>\n\t\t\t\t<div class=\"elementor-column elementor-col-50 elementor-top-column elementor-element elementor-element-0429f38\" data-id=\"0429f38\" data-element_type=\"column\">\n\t\t\t<div class=\"elementor-widget-wrap elementor-element-populated\">\n\t\t\t\t\t\t<div class=\"elementor-element elementor-element-c0b6f2b elementor-widget elementor-widget-image\" data-id=\"c0b6f2b\" data-element_type=\"widget\" data-widget_type=\"image.default\">\n\t\t\t\t<div class=\"elementor-widget-container\">\n\t\t\t\t\t\t\t\t\t\t\t\t\t<img loading=\"lazy\" decoding=\"async\" width=\"992\" height=\"560\" src=\"http:\/\/www.josemariatornay.com\/wp-content\/uploads\/2019\/02\/los-dos.jpg\" class=\"attachment-large size-large wp-image-17838\" alt=\"\" srcset=\"http:\/\/www.josemariatornay.com\/wp-content\/uploads\/2019\/02\/los-dos.jpg 992w, http:\/\/www.josemariatornay.com\/wp-content\/uploads\/2019\/02\/los-dos-300x169.jpg 300w, http:\/\/www.josemariatornay.com\/wp-content\/uploads\/2019\/02\/los-dos-768x434.jpg 768w\" sizes=\"(max-width: 992px) 100vw, 992px\" \/>\t\t\t\t\t\t\t\t\t\t\t\t\t<\/div>\n\t\t\t\t<\/div>\n\t\t\t\t\t<\/div>\n\t\t<\/div>\n\t\t\t\t\t<\/div>\n\t\t<\/section>\n\t\t\t\t<section class=\"elementor-section elementor-top-section elementor-element elementor-element-be06c65 elementor-section-boxed elementor-section-height-default elementor-section-height-default\" data-id=\"be06c65\" data-element_type=\"section\">\n\t\t\t\t\t\t<div class=\"elementor-container elementor-column-gap-default\">\n\t\t\t\t\t<div class=\"elementor-column elementor-col-50 elementor-top-column elementor-element elementor-element-975faf8\" data-id=\"975faf8\" data-element_type=\"column\">\n\t\t\t<div class=\"elementor-widget-wrap elementor-element-populated\">\n\t\t\t\t\t\t<div class=\"elementor-element elementor-element-79d91b8 elementor-widget elementor-widget-image\" data-id=\"79d91b8\" data-element_type=\"widget\" data-widget_type=\"image.default\">\n\t\t\t\t<div class=\"elementor-widget-container\">\n\t\t\t\t\t\t\t\t\t\t\t\t\t<img loading=\"lazy\" decoding=\"async\" width=\"560\" height=\"992\" src=\"http:\/\/www.josemariatornay.com\/wp-content\/uploads\/2019\/02\/pablo.jpg\" class=\"attachment-large size-large wp-image-17840\" alt=\"\" srcset=\"http:\/\/www.josemariatornay.com\/wp-content\/uploads\/2019\/02\/pablo.jpg 560w, http:\/\/www.josemariatornay.com\/wp-content\/uploads\/2019\/02\/pablo-169x300.jpg 169w\" sizes=\"(max-width: 560px) 100vw, 560px\" \/>\t\t\t\t\t\t\t\t\t\t\t\t\t<\/div>\n\t\t\t\t<\/div>\n\t\t\t\t\t<\/div>\n\t\t<\/div>\n\t\t\t\t<div class=\"elementor-column elementor-col-50 elementor-top-column elementor-element elementor-element-03543c6\" data-id=\"03543c6\" data-element_type=\"column\">\n\t\t\t<div class=\"elementor-widget-wrap elementor-element-populated\">\n\t\t\t\t\t\t<div class=\"elementor-element elementor-element-d03ce77 elementor-widget elementor-widget-image\" data-id=\"d03ce77\" data-element_type=\"widget\" data-widget_type=\"image.default\">\n\t\t\t\t<div class=\"elementor-widget-container\">\n\t\t\t\t\t\t\t\t\t\t\t\t\t<img loading=\"lazy\" decoding=\"async\" width=\"560\" height=\"992\" src=\"http:\/\/www.josemariatornay.com\/wp-content\/uploads\/2019\/02\/carmen.jpg\" class=\"attachment-large size-large wp-image-17841\" alt=\"\" srcset=\"http:\/\/www.josemariatornay.com\/wp-content\/uploads\/2019\/02\/carmen.jpg 560w, http:\/\/www.josemariatornay.com\/wp-content\/uploads\/2019\/02\/carmen-169x300.jpg 169w\" sizes=\"(max-width: 560px) 100vw, 560px\" \/>\t\t\t\t\t\t\t\t\t\t\t\t\t<\/div>\n\t\t\t\t<\/div>\n\t\t\t\t\t<\/div>\n\t\t<\/div>\n\t\t\t\t\t<\/div>\n\t\t<\/section>\n\t\t\t\t<section class=\"elementor-section elementor-top-section elementor-element elementor-element-f8dcad7 elementor-section-boxed elementor-section-height-default elementor-section-height-default\" data-id=\"f8dcad7\" data-element_type=\"section\">\n\t\t\t\t\t\t<div class=\"elementor-container elementor-column-gap-default\">\n\t\t\t\t\t<div class=\"elementor-column elementor-col-50 elementor-top-column elementor-element elementor-element-d242cac\" data-id=\"d242cac\" data-element_type=\"column\">\n\t\t\t<div class=\"elementor-widget-wrap elementor-element-populated\">\n\t\t\t\t\t\t<div class=\"elementor-element elementor-element-ce2c674 elementor-widget elementor-widget-image\" data-id=\"ce2c674\" data-element_type=\"widget\" data-widget_type=\"image.default\">\n\t\t\t\t<div class=\"elementor-widget-container\">\n\t\t\t\t\t\t\t\t\t\t\t\t\t<img loading=\"lazy\" decoding=\"async\" width=\"992\" height=\"560\" src=\"http:\/\/www.josemariatornay.com\/wp-content\/uploads\/2019\/02\/yo.jpg\" class=\"attachment-large size-large wp-image-17842\" alt=\"\" srcset=\"http:\/\/www.josemariatornay.com\/wp-content\/uploads\/2019\/02\/yo.jpg 992w, http:\/\/www.josemariatornay.com\/wp-content\/uploads\/2019\/02\/yo-300x169.jpg 300w, http:\/\/www.josemariatornay.com\/wp-content\/uploads\/2019\/02\/yo-768x434.jpg 768w\" sizes=\"(max-width: 992px) 100vw, 992px\" \/>\t\t\t\t\t\t\t\t\t\t\t\t\t<\/div>\n\t\t\t\t<\/div>\n\t\t\t\t\t<\/div>\n\t\t<\/div>\n\t\t\t\t<div class=\"elementor-column elementor-col-50 elementor-top-column elementor-element elementor-element-91f037e\" data-id=\"91f037e\" data-element_type=\"column\">\n\t\t\t<div class=\"elementor-widget-wrap elementor-element-populated\">\n\t\t\t\t\t\t<div class=\"elementor-element elementor-element-c0c6442 elementor-widget elementor-widget-text-editor\" data-id=\"c0c6442\" data-element_type=\"widget\" data-widget_type=\"text-editor.default\">\n\t\t\t\t<div class=\"elementor-widget-container\">\n\t\t\t<style>\/*! elementor - v3.20.0 - 20-03-2024 *\/\n.elementor-widget-text-editor.elementor-drop-cap-view-stacked .elementor-drop-cap{background-color:#69727d;color:#fff}.elementor-widget-text-editor.elementor-drop-cap-view-framed .elementor-drop-cap{color:#69727d;border:3px solid;background-color:transparent}.elementor-widget-text-editor:not(.elementor-drop-cap-view-default) .elementor-drop-cap{margin-top:8px}.elementor-widget-text-editor:not(.elementor-drop-cap-view-default) .elementor-drop-cap-letter{width:1em;height:1em}.elementor-widget-text-editor .elementor-drop-cap{float:left;text-align:center;line-height:1;font-size:50px}.elementor-widget-text-editor .elementor-drop-cap-letter{display:inline-block}<\/style>\t\t\t\t<p>Magn\u00edfica representaci\u00f3n en M\u00e1laga de nuestra obra \u00abAldehuela, un genio olvidado\u00bb. Invitados por el instituto que lleva su nombre, hasta esta instituci\u00f3n educativa de M\u00e1laga nos desplazamos para dar a conocer y enaltecer a un gran desconocido y olvidado ingeniero, que dej\u00f3 obras imprescindibles en nuestra provincia.<\/p><p>\u00c9xito de p\u00fablico y art\u00edstico, ante unos espectadores tremendamente respetuosos, que supieron entender perfectamente el sentido de la obra y su funci\u00f3n did\u00e1ctica.<\/p>\t\t\t\t\t\t<\/div>\n\t\t\t\t<\/div>\n\t\t\t\t\t<\/div>\n\t\t<\/div>\n\t\t\t\t\t<\/div>\n\t\t<\/section>\n\t\t\t\t<section class=\"elementor-section elementor-top-section elementor-element elementor-element-645446b elementor-section-boxed elementor-section-height-default elementor-section-height-default\" data-id=\"645446b\" data-element_type=\"section\">\n\t\t\t\t\t\t<div class=\"elementor-container elementor-column-gap-default\">\n\t\t\t\t\t<div class=\"elementor-column elementor-col-100 elementor-top-column elementor-element elementor-element-3b8cc15\" data-id=\"3b8cc15\" data-element_type=\"column\">\n\t\t\t<div class=\"elementor-widget-wrap elementor-element-populated\">\n\t\t\t\t\t\t<div class=\"elementor-element elementor-element-73c465e elementor-widget elementor-widget-image\" data-id=\"73c465e\" data-element_type=\"widget\" data-widget_type=\"image.default\">\n\t\t\t\t<div class=\"elementor-widget-container\">\n\t\t\t\t\t\t\t\t\t\t\t\t\t<img loading=\"lazy\" decoding=\"async\" width=\"992\" height=\"560\" src=\"http:\/\/www.josemariatornay.com\/wp-content\/uploads\/2019\/02\/saludo-1.jpg\" class=\"attachment-large size-large wp-image-17843\" alt=\"\" srcset=\"http:\/\/www.josemariatornay.com\/wp-content\/uploads\/2019\/02\/saludo-1.jpg 992w, http:\/\/www.josemariatornay.com\/wp-content\/uploads\/2019\/02\/saludo-1-300x169.jpg 300w, http:\/\/www.josemariatornay.com\/wp-content\/uploads\/2019\/02\/saludo-1-768x434.jpg 768w\" sizes=\"(max-width: 992px) 100vw, 992px\" \/>\t\t\t\t\t\t\t\t\t\t\t\t\t<\/div>\n\t\t\t\t<\/div>\n\t\t\t\t\t<\/div>\n\t\t<\/div>\n\t\t\t\t\t<\/div>\n\t\t<\/section>\n\t\t\t\t<\/div>\n\t\t","protected":false},"excerpt":{"rendered":"<p>ENTREAMIGOS RECRE\u00d3 EN EL INSTITUTO QUE LLEVA SU NOMBRE, EN M\u00c1LAGA, LA VIDA DE JOS\u00c9 MART\u00cdN DE ALDEHUELA, ESE H\u00c9ROE EOLVIDADO Magn\u00edfica representaci\u00f3n en M\u00e1laga de nuestra obra \u00abAldehuela, un genio olvidado\u00bb. Invitados por el instituto que lleva su nombre, hasta esta instituci\u00f3n educativa de M\u00e1laga nos desplazamos para dar a conocer y enaltecer a [&hellip;]<\/p>\n","protected":false},"author":1,"featured_media":0,"parent":0,"menu_order":0,"comment_status":"closed","ping_status":"closed","template":"","meta":{"_aioseop_title":"","_aioseop_description":"","ngg_post_thumbnail":0,"footnotes":""},"_links":{"self":[{"href":"http:\/\/www.josemariatornay.com\/index.php\/wp-json\/wp\/v2\/pages\/17833"}],"collection":[{"href":"http:\/\/www.josemariatornay.com\/index.php\/wp-json\/wp\/v2\/pages"}],"about":[{"href":"http:\/\/www.josemariatornay.com\/index.php\/wp-json\/wp\/v2\/types\/page"}],"author":[{"embeddable":true,"href":"http:\/\/www.josemariatornay.com\/index.php\/wp-json\/wp\/v2\/users\/1"}],"replies":[{"embeddable":true,"href":"http:\/\/www.josemariatornay.com\/index.php\/wp-json\/wp\/v2\/comments?post=17833"}],"version-history":[{"count":0,"href":"http:\/\/www.josemariatornay.com\/index.php\/wp-json\/wp\/v2\/pages\/17833\/revisions"}],"wp:attachment":[{"href":"http:\/\/www.josemariatornay.com\/index.php\/wp-json\/wp\/v2\/media?parent=17833"}],"curies":[{"name":"wp","href":"https:\/\/api.w.org\/{rel}","templated":true}]}}