{"id":18362,"date":"2019-07-26T17:50:17","date_gmt":"2019-07-26T16:50:17","guid":{"rendered":"http:\/\/www.josemariatornay.com\/?page_id=18362"},"modified":"2019-07-26T18:02:55","modified_gmt":"2019-07-26T17:02:55","slug":"programas-ser-musical","status":"publish","type":"page","link":"http:\/\/www.josemariatornay.com\/index.php\/programas-ser-musical\/","title":{"rendered":"100 programas de SER MUSICAL"},"content":{"rendered":"\t\t<div data-elementor-type=\"wp-post\" data-elementor-id=\"18362\" class=\"elementor elementor-18362 elementor-bc-flex-widget\">\n\t\t\t\t\t\t<section class=\"elementor-section elementor-top-section elementor-element elementor-element-f012a38 elementor-section-boxed elementor-section-height-default elementor-section-height-default\" data-id=\"f012a38\" data-element_type=\"section\">\n\t\t\t\t\t\t<div class=\"elementor-container elementor-column-gap-default\">\n\t\t\t\t\t<div class=\"elementor-column elementor-col-100 elementor-top-column elementor-element elementor-element-669fca0\" data-id=\"669fca0\" data-element_type=\"column\">\n\t\t\t<div class=\"elementor-widget-wrap elementor-element-populated\">\n\t\t\t\t\t\t<div class=\"elementor-element elementor-element-604f37e elementor-widget elementor-widget-text-editor\" data-id=\"604f37e\" data-element_type=\"widget\" data-widget_type=\"text-editor.default\">\n\t\t\t\t<div class=\"elementor-widget-container\">\n\t\t\t<style>\/*! elementor - v3.20.0 - 20-03-2024 *\/\n.elementor-widget-text-editor.elementor-drop-cap-view-stacked .elementor-drop-cap{background-color:#69727d;color:#fff}.elementor-widget-text-editor.elementor-drop-cap-view-framed .elementor-drop-cap{color:#69727d;border:3px solid;background-color:transparent}.elementor-widget-text-editor:not(.elementor-drop-cap-view-default) .elementor-drop-cap{margin-top:8px}.elementor-widget-text-editor:not(.elementor-drop-cap-view-default) .elementor-drop-cap-letter{width:1em;height:1em}.elementor-widget-text-editor .elementor-drop-cap{float:left;text-align:center;line-height:1;font-size:50px}.elementor-widget-text-editor .elementor-drop-cap-letter{display:inline-block}<\/style>\t\t\t\t<p>Hoy, Queco Roca, director del programa \u00abSer Musical\u00bb, de la Cadena Ser, ha realizado el programa en directo para celebrar el n\u00famero 100, algo realmente extraordinario. Para ello ha invitado a algunos de sus amigos m\u00fasicos, entre los que tengo la suerte de encontrarme. Un pacer para m\u00ed acuris y, acompa\u00f1ado de mi amigo Alberto Mateos, \u00abEl Kanijo\u00bb, interpretar mi canci\u00f3n \u00abRonda, verdad imposible\u00bb, que da t\u00edtulo al disco\u00a0 tem\u00e1tico sobre esta ciudad m\u00e1gica.<br \/>Tambi\u00e9n han participado Wally Luj\u00e1n, el grupo \u00abLa Escalera\u00bb, el d\u00fao \u00abCesura\u00bb y\u00a0 el d\u00fao compuesto por Ainhoa y Andreu<\/p>\t\t\t\t\t\t<\/div>\n\t\t\t\t<\/div>\n\t\t\t\t\t<\/div>\n\t\t<\/div>\n\t\t\t\t\t<\/div>\n\t\t<\/section>\n\t\t\t\t<section class=\"elementor-section elementor-top-section elementor-element elementor-element-506da19 elementor-section-boxed elementor-section-height-default elementor-section-height-default\" data-id=\"506da19\" data-element_type=\"section\">\n\t\t\t\t\t\t<div class=\"elementor-container elementor-column-gap-default\">\n\t\t\t\t\t<div class=\"elementor-column elementor-col-50 elementor-top-column elementor-element elementor-element-ecccc43\" data-id=\"ecccc43\" data-element_type=\"column\">\n\t\t\t<div class=\"elementor-widget-wrap elementor-element-populated\">\n\t\t\t\t\t\t<div class=\"elementor-element elementor-element-7a79ecb elementor-widget elementor-widget-image\" data-id=\"7a79ecb\" data-element_type=\"widget\" data-widget_type=\"image.default\">\n\t\t\t\t<div class=\"elementor-widget-container\">\n\t\t\t<style>\/*! elementor - v3.20.0 - 20-03-2024 *\/\n.elementor-widget-image{text-align:center}.elementor-widget-image a{display:inline-block}.elementor-widget-image a img[src$=\".svg\"]{width:48px}.elementor-widget-image img{vertical-align:middle;display:inline-block}<\/style>\t\t\t\t\t\t\t\t\t\t<img fetchpriority=\"high\" decoding=\"async\" width=\"768\" height=\"1024\" src=\"http:\/\/www.josemariatornay.com\/wp-content\/uploads\/2019\/07\/Queco-768x1024.jpeg\" class=\"attachment-large size-large wp-image-18364\" alt=\"\" srcset=\"http:\/\/www.josemariatornay.com\/wp-content\/uploads\/2019\/07\/Queco-768x1024.jpeg 768w, http:\/\/www.josemariatornay.com\/wp-content\/uploads\/2019\/07\/Queco-225x300.jpeg 225w, http:\/\/www.josemariatornay.com\/wp-content\/uploads\/2019\/07\/Queco.jpeg 1200w\" sizes=\"(max-width: 768px) 100vw, 768px\" \/>\t\t\t\t\t\t\t\t\t\t\t\t\t<\/div>\n\t\t\t\t<\/div>\n\t\t\t\t\t<\/div>\n\t\t<\/div>\n\t\t\t\t<div class=\"elementor-column elementor-col-50 elementor-top-column elementor-element elementor-element-77f2e52\" data-id=\"77f2e52\" data-element_type=\"column\">\n\t\t\t<div class=\"elementor-widget-wrap elementor-element-populated\">\n\t\t\t\t\t\t<div class=\"elementor-element elementor-element-115bd02 elementor-widget elementor-widget-image\" data-id=\"115bd02\" data-element_type=\"widget\" data-widget_type=\"image.default\">\n\t\t\t\t<div class=\"elementor-widget-container\">\n\t\t\t\t\t\t\t\t\t\t\t\t\t<img decoding=\"async\" width=\"768\" height=\"1024\" src=\"http:\/\/www.josemariatornay.com\/wp-content\/uploads\/2019\/07\/Kanijo-y-Cruzcampo-768x1024.jpeg\" class=\"attachment-large size-large wp-image-18365\" alt=\"\" srcset=\"http:\/\/www.josemariatornay.com\/wp-content\/uploads\/2019\/07\/Kanijo-y-Cruzcampo-768x1024.jpeg 768w, http:\/\/www.josemariatornay.com\/wp-content\/uploads\/2019\/07\/Kanijo-y-Cruzcampo-225x300.jpeg 225w, http:\/\/www.josemariatornay.com\/wp-content\/uploads\/2019\/07\/Kanijo-y-Cruzcampo.jpeg 1200w\" sizes=\"(max-width: 768px) 100vw, 768px\" \/>\t\t\t\t\t\t\t\t\t\t\t\t\t<\/div>\n\t\t\t\t<\/div>\n\t\t\t\t\t<\/div>\n\t\t<\/div>\n\t\t\t\t\t<\/div>\n\t\t<\/section>\n\t\t\t\t<section class=\"elementor-section elementor-top-section elementor-element elementor-element-12a9a10 elementor-section-boxed elementor-section-height-default elementor-section-height-default\" data-id=\"12a9a10\" data-element_type=\"section\">\n\t\t\t\t\t\t<div class=\"elementor-container elementor-column-gap-default\">\n\t\t\t\t\t<div class=\"elementor-column elementor-col-50 elementor-top-column elementor-element elementor-element-5ae22ff\" data-id=\"5ae22ff\" data-element_type=\"column\">\n\t\t\t<div class=\"elementor-widget-wrap elementor-element-populated\">\n\t\t\t\t\t\t<div class=\"elementor-element elementor-element-011977b elementor-widget elementor-widget-image\" data-id=\"011977b\" data-element_type=\"widget\" data-widget_type=\"image.default\">\n\t\t\t\t<div class=\"elementor-widget-container\">\n\t\t\t\t\t\t\t\t\t\t\t\t\t<img decoding=\"async\" width=\"768\" height=\"1024\" src=\"http:\/\/www.josemariatornay.com\/wp-content\/uploads\/2019\/07\/Yo-otra-vez-1-768x1024.jpeg\" class=\"attachment-large size-large wp-image-18366\" alt=\"\" srcset=\"http:\/\/www.josemariatornay.com\/wp-content\/uploads\/2019\/07\/Yo-otra-vez-1-768x1024.jpeg 768w, http:\/\/www.josemariatornay.com\/wp-content\/uploads\/2019\/07\/Yo-otra-vez-1-225x300.jpeg 225w, http:\/\/www.josemariatornay.com\/wp-content\/uploads\/2019\/07\/Yo-otra-vez-1.jpeg 1200w\" sizes=\"(max-width: 768px) 100vw, 768px\" \/>\t\t\t\t\t\t\t\t\t\t\t\t\t<\/div>\n\t\t\t\t<\/div>\n\t\t\t\t\t<\/div>\n\t\t<\/div>\n\t\t\t\t<div class=\"elementor-column elementor-col-50 elementor-top-column elementor-element elementor-element-cbda138\" data-id=\"cbda138\" data-element_type=\"column\">\n\t\t\t<div class=\"elementor-widget-wrap elementor-element-populated\">\n\t\t\t\t\t\t<div class=\"elementor-element elementor-element-824692e elementor-widget elementor-widget-image\" data-id=\"824692e\" data-element_type=\"widget\" data-widget_type=\"image.default\">\n\t\t\t\t<div class=\"elementor-widget-container\">\n\t\t\t\t\t\t\t\t\t\t\t\t\t<img loading=\"lazy\" decoding=\"async\" width=\"768\" height=\"1024\" src=\"http:\/\/www.josemariatornay.com\/wp-content\/uploads\/2019\/07\/Kanijo-768x1024.jpeg\" class=\"attachment-large size-large wp-image-18367\" alt=\"\" srcset=\"http:\/\/www.josemariatornay.com\/wp-content\/uploads\/2019\/07\/Kanijo-768x1024.jpeg 768w, http:\/\/www.josemariatornay.com\/wp-content\/uploads\/2019\/07\/Kanijo-225x300.jpeg 225w, http:\/\/www.josemariatornay.com\/wp-content\/uploads\/2019\/07\/Kanijo.jpeg 1200w\" sizes=\"(max-width: 768px) 100vw, 768px\" \/>\t\t\t\t\t\t\t\t\t\t\t\t\t<\/div>\n\t\t\t\t<\/div>\n\t\t\t\t\t<\/div>\n\t\t<\/div>\n\t\t\t\t\t<\/div>\n\t\t<\/section>\n\t\t\t\t<section class=\"elementor-section elementor-top-section elementor-element elementor-element-9fc2724 elementor-section-boxed elementor-section-height-default elementor-section-height-default\" data-id=\"9fc2724\" data-element_type=\"section\">\n\t\t\t\t\t\t<div class=\"elementor-container elementor-column-gap-default\">\n\t\t\t\t\t<div class=\"elementor-column elementor-col-50 elementor-top-column elementor-element elementor-element-2833317\" data-id=\"2833317\" data-element_type=\"column\">\n\t\t\t<div class=\"elementor-widget-wrap elementor-element-populated\">\n\t\t\t\t\t\t<div class=\"elementor-element elementor-element-c1abe39 elementor-widget elementor-widget-image\" data-id=\"c1abe39\" data-element_type=\"widget\" data-widget_type=\"image.default\">\n\t\t\t\t<div class=\"elementor-widget-container\">\n\t\t\t\t\t\t\t\t\t\t\t\t\t<img loading=\"lazy\" decoding=\"async\" width=\"768\" height=\"1024\" src=\"http:\/\/www.josemariatornay.com\/wp-content\/uploads\/2019\/07\/Yo-y-Yamaha-768x1024.jpeg\" class=\"attachment-large size-large wp-image-18368\" alt=\"\" srcset=\"http:\/\/www.josemariatornay.com\/wp-content\/uploads\/2019\/07\/Yo-y-Yamaha-768x1024.jpeg 768w, http:\/\/www.josemariatornay.com\/wp-content\/uploads\/2019\/07\/Yo-y-Yamaha-225x300.jpeg 225w, http:\/\/www.josemariatornay.com\/wp-content\/uploads\/2019\/07\/Yo-y-Yamaha.jpeg 1200w\" sizes=\"(max-width: 768px) 100vw, 768px\" \/>\t\t\t\t\t\t\t\t\t\t\t\t\t<\/div>\n\t\t\t\t<\/div>\n\t\t\t\t\t<\/div>\n\t\t<\/div>\n\t\t\t\t<div class=\"elementor-column elementor-col-50 elementor-top-column elementor-element elementor-element-940fe29\" data-id=\"940fe29\" data-element_type=\"column\">\n\t\t\t<div class=\"elementor-widget-wrap elementor-element-populated\">\n\t\t\t\t\t\t<div class=\"elementor-element elementor-element-04e668b elementor-widget elementor-widget-image\" data-id=\"04e668b\" data-element_type=\"widget\" data-widget_type=\"image.default\">\n\t\t\t\t<div class=\"elementor-widget-container\">\n\t\t\t\t\t\t\t\t\t\t\t\t\t<img loading=\"lazy\" decoding=\"async\" width=\"768\" height=\"1024\" src=\"http:\/\/www.josemariatornay.com\/wp-content\/uploads\/2019\/07\/Yo-y-Yamaha-en-negro-768x1024.jpeg\" class=\"attachment-large size-large wp-image-18369\" alt=\"\" srcset=\"http:\/\/www.josemariatornay.com\/wp-content\/uploads\/2019\/07\/Yo-y-Yamaha-en-negro-768x1024.jpeg 768w, http:\/\/www.josemariatornay.com\/wp-content\/uploads\/2019\/07\/Yo-y-Yamaha-en-negro-225x300.jpeg 225w, http:\/\/www.josemariatornay.com\/wp-content\/uploads\/2019\/07\/Yo-y-Yamaha-en-negro.jpeg 1200w\" sizes=\"(max-width: 768px) 100vw, 768px\" \/>\t\t\t\t\t\t\t\t\t\t\t\t\t<\/div>\n\t\t\t\t<\/div>\n\t\t\t\t\t<\/div>\n\t\t<\/div>\n\t\t\t\t\t<\/div>\n\t\t<\/section>\n\t\t\t\t<section class=\"elementor-section elementor-top-section elementor-element elementor-element-e70a601 elementor-section-boxed elementor-section-height-default elementor-section-height-default\" data-id=\"e70a601\" data-element_type=\"section\">\n\t\t\t\t\t\t<div class=\"elementor-container elementor-column-gap-default\">\n\t\t\t\t\t<div class=\"elementor-column elementor-col-50 elementor-top-column elementor-element elementor-element-cc2c306\" data-id=\"cc2c306\" data-element_type=\"column\">\n\t\t\t<div class=\"elementor-widget-wrap elementor-element-populated\">\n\t\t\t\t\t\t<div class=\"elementor-element elementor-element-3ad7abf elementor-widget elementor-widget-image\" data-id=\"3ad7abf\" data-element_type=\"widget\" data-widget_type=\"image.default\">\n\t\t\t\t<div class=\"elementor-widget-container\">\n\t\t\t\t\t\t\t\t\t\t\t\t\t<img loading=\"lazy\" decoding=\"async\" width=\"1024\" height=\"769\" src=\"http:\/\/www.josemariatornay.com\/wp-content\/uploads\/2019\/07\/Ainhoa-y-yo-1024x769.jpeg\" class=\"attachment-large size-large wp-image-18370\" alt=\"\" srcset=\"http:\/\/www.josemariatornay.com\/wp-content\/uploads\/2019\/07\/Ainhoa-y-yo-1024x769.jpeg 1024w, http:\/\/www.josemariatornay.com\/wp-content\/uploads\/2019\/07\/Ainhoa-y-yo-300x225.jpeg 300w, http:\/\/www.josemariatornay.com\/wp-content\/uploads\/2019\/07\/Ainhoa-y-yo-768x577.jpeg 768w, http:\/\/www.josemariatornay.com\/wp-content\/uploads\/2019\/07\/Ainhoa-y-yo.jpeg 1600w\" sizes=\"(max-width: 1024px) 100vw, 1024px\" \/>\t\t\t\t\t\t\t\t\t\t\t\t\t<\/div>\n\t\t\t\t<\/div>\n\t\t\t\t\t<\/div>\n\t\t<\/div>\n\t\t\t\t<div class=\"elementor-column elementor-col-50 elementor-top-column elementor-element elementor-element-215ab69\" data-id=\"215ab69\" data-element_type=\"column\">\n\t\t\t<div class=\"elementor-widget-wrap elementor-element-populated\">\n\t\t\t\t\t\t<div class=\"elementor-element elementor-element-da36f9e elementor-widget elementor-widget-text-editor\" data-id=\"da36f9e\" data-element_type=\"widget\" data-widget_type=\"text-editor.default\">\n\t\t\t\t<div class=\"elementor-widget-container\">\n\t\t\t\t\t\t\t<p>Las fotos son de Ainhoa. Ir\u00e9 poniendo m\u00e1s a medida que las vaya recibiendo. El acto ha resultado precioso y ha tenido una audiencia enorme y encantada.<\/p>\t\t\t\t\t\t<\/div>\n\t\t\t\t<\/div>\n\t\t\t\t\t<\/div>\n\t\t<\/div>\n\t\t\t\t\t<\/div>\n\t\t<\/section>\n\t\t\t\t<\/div>\n\t\t","protected":false},"excerpt":{"rendered":"<p>Hoy, Queco Roca, director del programa \u00abSer Musical\u00bb, de la Cadena Ser, ha realizado el programa en directo para celebrar el n\u00famero 100, algo realmente extraordinario. Para ello ha invitado a algunos de sus amigos m\u00fasicos, entre los que tengo la suerte de encontrarme. Un pacer para m\u00ed acuris y, acompa\u00f1ado de mi amigo Alberto [&hellip;]<\/p>\n","protected":false},"author":1,"featured_media":0,"parent":0,"menu_order":0,"comment_status":"closed","ping_status":"closed","template":"","meta":{"_aioseop_title":"","_aioseop_description":"","ngg_post_thumbnail":0,"footnotes":""},"_links":{"self":[{"href":"http:\/\/www.josemariatornay.com\/index.php\/wp-json\/wp\/v2\/pages\/18362"}],"collection":[{"href":"http:\/\/www.josemariatornay.com\/index.php\/wp-json\/wp\/v2\/pages"}],"about":[{"href":"http:\/\/www.josemariatornay.com\/index.php\/wp-json\/wp\/v2\/types\/page"}],"author":[{"embeddable":true,"href":"http:\/\/www.josemariatornay.com\/index.php\/wp-json\/wp\/v2\/users\/1"}],"replies":[{"embeddable":true,"href":"http:\/\/www.josemariatornay.com\/index.php\/wp-json\/wp\/v2\/comments?post=18362"}],"version-history":[{"count":0,"href":"http:\/\/www.josemariatornay.com\/index.php\/wp-json\/wp\/v2\/pages\/18362\/revisions"}],"wp:attachment":[{"href":"http:\/\/www.josemariatornay.com\/index.php\/wp-json\/wp\/v2\/media?parent=18362"}],"curies":[{"name":"wp","href":"https:\/\/api.w.org\/{rel}","templated":true}]}}