{"id":18593,"date":"2019-10-06T09:08:12","date_gmt":"2019-10-06T08:08:12","guid":{"rendered":"http:\/\/www.josemariatornay.com\/?page_id=18593"},"modified":"2019-10-06T09:34:55","modified_gmt":"2019-10-06T08:34:55","slug":"libro-pipi","status":"publish","type":"page","link":"http:\/\/www.josemariatornay.com\/index.php\/libro-pipi\/","title":{"rendered":"Libro PIPI"},"content":{"rendered":"\t\t<div data-elementor-type=\"wp-post\" data-elementor-id=\"18593\" class=\"elementor elementor-18593 elementor-bc-flex-widget\">\n\t\t\t\t\t\t<section class=\"elementor-section elementor-top-section elementor-element elementor-element-7857912 elementor-section-boxed elementor-section-height-default elementor-section-height-default\" data-id=\"7857912\" data-element_type=\"section\">\n\t\t\t\t\t\t<div class=\"elementor-container elementor-column-gap-default\">\n\t\t\t\t\t<div class=\"elementor-column elementor-col-100 elementor-top-column elementor-element elementor-element-c28d1a7\" data-id=\"c28d1a7\" data-element_type=\"column\">\n\t\t\t<div class=\"elementor-widget-wrap elementor-element-populated\">\n\t\t\t\t\t\t<div class=\"elementor-element elementor-element-c6e06c3 elementor-widget elementor-widget-image\" data-id=\"c6e06c3\" data-element_type=\"widget\" data-widget_type=\"image.default\">\n\t\t\t\t<div class=\"elementor-widget-container\">\n\t\t\t<style>\/*! elementor - v3.20.0 - 20-03-2024 *\/\n.elementor-widget-image{text-align:center}.elementor-widget-image a{display:inline-block}.elementor-widget-image a img[src$=\".svg\"]{width:48px}.elementor-widget-image img{vertical-align:middle;display:inline-block}<\/style>\t\t\t\t\t\t\t\t\t\t<img fetchpriority=\"high\" decoding=\"async\" width=\"640\" height=\"480\" src=\"http:\/\/www.josemariatornay.com\/wp-content\/uploads\/2019\/10\/Yo-en-la-presentacion.jpg\" class=\"attachment-large size-large wp-image-18588\" alt=\"\" srcset=\"http:\/\/www.josemariatornay.com\/wp-content\/uploads\/2019\/10\/Yo-en-la-presentacion.jpg 640w, http:\/\/www.josemariatornay.com\/wp-content\/uploads\/2019\/10\/Yo-en-la-presentacion-300x225.jpg 300w\" sizes=\"(max-width: 640px) 100vw, 640px\" \/>\t\t\t\t\t\t\t\t\t\t\t\t\t<\/div>\n\t\t\t\t<\/div>\n\t\t\t\t<div class=\"elementor-element elementor-element-ba43a3d elementor-widget elementor-widget-heading\" data-id=\"ba43a3d\" data-element_type=\"widget\" data-widget_type=\"heading.default\">\n\t\t\t\t<div class=\"elementor-widget-container\">\n\t\t\t<style>\/*! elementor - v3.20.0 - 20-03-2024 *\/\n.elementor-heading-title{padding:0;margin:0;line-height:1}.elementor-widget-heading .elementor-heading-title[class*=elementor-size-]>a{color:inherit;font-size:inherit;line-height:inherit}.elementor-widget-heading .elementor-heading-title.elementor-size-small{font-size:15px}.elementor-widget-heading .elementor-heading-title.elementor-size-medium{font-size:19px}.elementor-widget-heading .elementor-heading-title.elementor-size-large{font-size:29px}.elementor-widget-heading .elementor-heading-title.elementor-size-xl{font-size:39px}.elementor-widget-heading .elementor-heading-title.elementor-size-xxl{font-size:59px}<\/style><h2 class=\"elementor-heading-title elementor-size-default\">Presentado p\u00fablicamente el libro 'Pipi al servicio de la gente'.\nEl pr\u00f3logo es obra de Juan Ben\u00edtez, y le ha dado forma al texto Jos\u00e9 Mar\u00eda Tornay.<\/h2>\t\t<\/div>\n\t\t\t\t<\/div>\n\t\t\t\t<div class=\"elementor-element elementor-element-05797f7 elementor-widget elementor-widget-text-editor\" data-id=\"05797f7\" data-element_type=\"widget\" data-widget_type=\"text-editor.default\">\n\t\t\t\t<div class=\"elementor-widget-container\">\n\t\t\t<style>\/*! elementor - v3.20.0 - 20-03-2024 *\/\n.elementor-widget-text-editor.elementor-drop-cap-view-stacked .elementor-drop-cap{background-color:#69727d;color:#fff}.elementor-widget-text-editor.elementor-drop-cap-view-framed .elementor-drop-cap{color:#69727d;border:3px solid;background-color:transparent}.elementor-widget-text-editor:not(.elementor-drop-cap-view-default) .elementor-drop-cap{margin-top:8px}.elementor-widget-text-editor:not(.elementor-drop-cap-view-default) .elementor-drop-cap-letter{width:1em;height:1em}.elementor-widget-text-editor .elementor-drop-cap{float:left;text-align:center;line-height:1;font-size:50px}.elementor-widget-text-editor .elementor-drop-cap-letter{display:inline-block}<\/style>\t\t\t\t<p>Numeroso p\u00fablico acompa\u00f1\u00f3 a Antonio L\u00f3pez Anet en la presentaci\u00f3n de su libro \u201cPipi al servicio de la gente\u201d en la antigua capilla del colegio Fernando de los R\u00edos.<\/p><p>La vida de esta persona tan carism\u00e1tica y querida sirve de gu\u00eda argumental para acercar la historia m\u00e1s reciente del Barrio San Francisco.<\/p><p>Libro del que se han editado 1.000 ejemplares e ir\u00e1 todo lo recaudado para la Hermandad del Santo Entierro, el precio es un donativo de 10 euros como m\u00ednimo.<\/p><p>El pr\u00f3logo es obra de Juan Ben\u00edtez, y le ha dado forma al texto Jos\u00e9 Mar\u00eda Tornay, en el libro se aborda la vida de Pipi desde su infancia, su entrada en el Ayuntamiento, su paso por la Hermandad del Santo Entierro donde ha pasado por todos los estamentos hasta ser hermano mayor, y as\u00ed por numerosas etapas, para terminar con cien p\u00e1ginas donde se recogen los testimonios de personas cercanas al Pipi.<\/p><p>Antonio L\u00f3pez Anet tuvo palabras de agradecimiento a todas las personas que han colaborado en el libro, a su familia, pero sobre todo ha tenido una especial dedicaci\u00f3n a su madre, en un emotivo acto donde se ha podido comprobar el gran cari\u00f1o que despierta tan particular personaje de la ciudad de Ronda.<\/p>\t\t\t\t\t\t<\/div>\n\t\t\t\t<\/div>\n\t\t\t\t\t<\/div>\n\t\t<\/div>\n\t\t\t\t\t<\/div>\n\t\t<\/section>\n\t\t\t\t<section class=\"elementor-section elementor-top-section elementor-element elementor-element-0fb8472 elementor-section-boxed elementor-section-height-default elementor-section-height-default\" data-id=\"0fb8472\" data-element_type=\"section\">\n\t\t\t\t\t\t<div class=\"elementor-container elementor-column-gap-default\">\n\t\t\t\t\t<div class=\"elementor-column elementor-col-100 elementor-top-column elementor-element elementor-element-9b13149\" data-id=\"9b13149\" data-element_type=\"column\">\n\t\t\t<div class=\"elementor-widget-wrap elementor-element-populated\">\n\t\t\t\t\t\t<div class=\"elementor-element elementor-element-8409d62 elementor-widget elementor-widget-image\" data-id=\"8409d62\" data-element_type=\"widget\" data-widget_type=\"image.default\">\n\t\t\t\t<div class=\"elementor-widget-container\">\n\t\t\t\t\t\t\t\t\t\t\t\t\t<img decoding=\"async\" width=\"497\" height=\"1024\" src=\"http:\/\/www.josemariatornay.com\/wp-content\/uploads\/2019\/09\/Portada-desplegada-1-497x1024.jpg\" class=\"attachment-large size-large wp-image-18525\" alt=\"\" srcset=\"http:\/\/www.josemariatornay.com\/wp-content\/uploads\/2019\/09\/Portada-desplegada-1-497x1024.jpg 497w, http:\/\/www.josemariatornay.com\/wp-content\/uploads\/2019\/09\/Portada-desplegada-1-146x300.jpg 146w, http:\/\/www.josemariatornay.com\/wp-content\/uploads\/2019\/09\/Portada-desplegada-1-768x1581.jpg 768w, http:\/\/www.josemariatornay.com\/wp-content\/uploads\/2019\/09\/Portada-desplegada-1.jpg 777w\" sizes=\"(max-width: 497px) 100vw, 497px\" \/>\t\t\t\t\t\t\t\t\t\t\t\t\t<\/div>\n\t\t\t\t<\/div>\n\t\t\t\t\t<\/div>\n\t\t<\/div>\n\t\t\t\t\t<\/div>\n\t\t<\/section>\n\t\t\t\t<\/div>\n\t\t","protected":false},"excerpt":{"rendered":"<p>Presentado p\u00fablicamente el libro &#8216;Pipi al servicio de la gente&#8217;. El pr\u00f3logo es obra de Juan Ben\u00edtez, y le ha dado forma al texto Jos\u00e9 Mar\u00eda Tornay. Numeroso p\u00fablico acompa\u00f1\u00f3 a Antonio L\u00f3pez Anet en la presentaci\u00f3n de su libro \u201cPipi al servicio de la gente\u201d en la antigua capilla del colegio Fernando de los [&hellip;]<\/p>\n","protected":false},"author":1,"featured_media":0,"parent":0,"menu_order":0,"comment_status":"closed","ping_status":"closed","template":"","meta":{"_aioseop_title":"","_aioseop_description":"","ngg_post_thumbnail":0,"footnotes":""},"_links":{"self":[{"href":"http:\/\/www.josemariatornay.com\/index.php\/wp-json\/wp\/v2\/pages\/18593"}],"collection":[{"href":"http:\/\/www.josemariatornay.com\/index.php\/wp-json\/wp\/v2\/pages"}],"about":[{"href":"http:\/\/www.josemariatornay.com\/index.php\/wp-json\/wp\/v2\/types\/page"}],"author":[{"embeddable":true,"href":"http:\/\/www.josemariatornay.com\/index.php\/wp-json\/wp\/v2\/users\/1"}],"replies":[{"embeddable":true,"href":"http:\/\/www.josemariatornay.com\/index.php\/wp-json\/wp\/v2\/comments?post=18593"}],"version-history":[{"count":0,"href":"http:\/\/www.josemariatornay.com\/index.php\/wp-json\/wp\/v2\/pages\/18593\/revisions"}],"wp:attachment":[{"href":"http:\/\/www.josemariatornay.com\/index.php\/wp-json\/wp\/v2\/media?parent=18593"}],"curies":[{"name":"wp","href":"https:\/\/api.w.org\/{rel}","templated":true}]}}