{"id":18687,"date":"2019-11-03T17:46:36","date_gmt":"2019-11-03T16:46:36","guid":{"rendered":"http:\/\/www.josemariatornay.com\/?page_id=18687"},"modified":"2019-11-03T21:54:25","modified_gmt":"2019-11-03T20:54:25","slug":"certamen-teatro-maria-ortega","status":"publish","type":"page","link":"http:\/\/www.josemariatornay.com\/index.php\/certamen-teatro-maria-ortega\/","title":{"rendered":"II Certamen de Teatro \u00abJos\u00e9 Mar\u00eda Ortega de la Cruz\u00bb"},"content":{"rendered":"\t\t<div data-elementor-type=\"wp-post\" data-elementor-id=\"18687\" class=\"elementor elementor-18687 elementor-bc-flex-widget\">\n\t\t\t\t\t\t<section class=\"elementor-section elementor-top-section elementor-element elementor-element-6321a0e elementor-section-boxed elementor-section-height-default elementor-section-height-default\" data-id=\"6321a0e\" data-element_type=\"section\">\n\t\t\t\t\t\t<div class=\"elementor-container elementor-column-gap-default\">\n\t\t\t\t\t<div class=\"elementor-column elementor-col-50 elementor-top-column elementor-element elementor-element-5fc784a\" data-id=\"5fc784a\" data-element_type=\"column\">\n\t\t\t<div class=\"elementor-widget-wrap elementor-element-populated\">\n\t\t\t\t\t\t<div class=\"elementor-element elementor-element-e29202b elementor-widget elementor-widget-image\" data-id=\"e29202b\" data-element_type=\"widget\" data-widget_type=\"image.default\">\n\t\t\t\t<div class=\"elementor-widget-container\">\n\t\t\t<style>\/*! elementor - v3.20.0 - 20-03-2024 *\/\n.elementor-widget-image{text-align:center}.elementor-widget-image a{display:inline-block}.elementor-widget-image a img[src$=\".svg\"]{width:48px}.elementor-widget-image img{vertical-align:middle;display:inline-block}<\/style>\t\t\t\t\t\t\t\t\t\t<img fetchpriority=\"high\" decoding=\"async\" width=\"768\" height=\"420\" src=\"http:\/\/www.josemariatornay.com\/wp-content\/uploads\/2019\/10\/319679_logo_ticketea_mobile.jpg\" class=\"attachment-large size-large wp-image-18647\" alt=\"\" srcset=\"http:\/\/www.josemariatornay.com\/wp-content\/uploads\/2019\/10\/319679_logo_ticketea_mobile.jpg 768w, http:\/\/www.josemariatornay.com\/wp-content\/uploads\/2019\/10\/319679_logo_ticketea_mobile-300x164.jpg 300w\" sizes=\"(max-width: 768px) 100vw, 768px\" \/>\t\t\t\t\t\t\t\t\t\t\t\t\t<\/div>\n\t\t\t\t<\/div>\n\t\t\t\t<div class=\"elementor-element elementor-element-86b78b8 elementor-widget elementor-widget-image\" data-id=\"86b78b8\" data-element_type=\"widget\" data-widget_type=\"image.default\">\n\t\t\t\t<div class=\"elementor-widget-container\">\n\t\t\t\t\t\t\t\t\t\t\t\t\t<img decoding=\"async\" width=\"275\" height=\"250\" src=\"http:\/\/www.josemariatornay.com\/wp-content\/uploads\/2019\/10\/eraseunavez.jpg\" class=\"attachment-large size-large wp-image-18667\" alt=\"\" \/>\t\t\t\t\t\t\t\t\t\t\t\t\t<\/div>\n\t\t\t\t<\/div>\n\t\t\t\t\t<\/div>\n\t\t<\/div>\n\t\t\t\t<div class=\"elementor-column elementor-col-50 elementor-top-column elementor-element elementor-element-4b37c96\" data-id=\"4b37c96\" data-element_type=\"column\">\n\t\t\t<div class=\"elementor-widget-wrap elementor-element-populated\">\n\t\t\t\t\t\t<div class=\"elementor-element elementor-element-375c62d elementor-widget elementor-widget-image\" data-id=\"375c62d\" data-element_type=\"widget\" data-widget_type=\"image.default\">\n\t\t\t\t<div class=\"elementor-widget-container\">\n\t\t\t\t\t\t\t\t\t\t\t\t\t<img decoding=\"async\" width=\"236\" height=\"314\" src=\"http:\/\/www.josemariatornay.com\/wp-content\/uploads\/2019\/10\/huanita.jpg\" class=\"attachment-large size-large wp-image-18651\" alt=\"\" srcset=\"http:\/\/www.josemariatornay.com\/wp-content\/uploads\/2019\/10\/huanita.jpg 236w, http:\/\/www.josemariatornay.com\/wp-content\/uploads\/2019\/10\/huanita-225x300.jpg 225w\" sizes=\"(max-width: 236px) 100vw, 236px\" \/>\t\t\t\t\t\t\t\t\t\t\t\t\t<\/div>\n\t\t\t\t<\/div>\n\t\t\t\t<div class=\"elementor-element elementor-element-36197c4 elementor-widget elementor-widget-image\" data-id=\"36197c4\" data-element_type=\"widget\" data-widget_type=\"image.default\">\n\t\t\t\t<div class=\"elementor-widget-container\">\n\t\t\t\t\t\t\t\t\t\t\t\t\t<img loading=\"lazy\" decoding=\"async\" width=\"275\" height=\"183\" src=\"http:\/\/www.josemariatornay.com\/wp-content\/uploads\/2019\/11\/Entrega-premios.jpg\" class=\"attachment-large size-large wp-image-18692\" alt=\"\" \/>\t\t\t\t\t\t\t\t\t\t\t\t\t<\/div>\n\t\t\t\t<\/div>\n\t\t\t\t\t<\/div>\n\t\t<\/div>\n\t\t\t\t\t<\/div>\n\t\t<\/section>\n\t\t\t\t<section class=\"elementor-section elementor-top-section elementor-element elementor-element-27c4188 elementor-section-boxed elementor-section-height-default elementor-section-height-default\" data-id=\"27c4188\" data-element_type=\"section\">\n\t\t\t\t\t\t<div class=\"elementor-container elementor-column-gap-default\">\n\t\t\t\t\t<div class=\"elementor-column elementor-col-100 elementor-top-column elementor-element elementor-element-026caa5\" data-id=\"026caa5\" data-element_type=\"column\">\n\t\t\t<div class=\"elementor-widget-wrap elementor-element-populated\">\n\t\t\t\t\t\t<div class=\"elementor-element elementor-element-481fe14 elementor-widget elementor-widget-heading\" data-id=\"481fe14\" data-element_type=\"widget\" data-widget_type=\"heading.default\">\n\t\t\t\t<div class=\"elementor-widget-container\">\n\t\t\t<style>\/*! elementor - v3.20.0 - 20-03-2024 *\/\n.elementor-heading-title{padding:0;margin:0;line-height:1}.elementor-widget-heading .elementor-heading-title[class*=elementor-size-]>a{color:inherit;font-size:inherit;line-height:inherit}.elementor-widget-heading .elementor-heading-title.elementor-size-small{font-size:15px}.elementor-widget-heading .elementor-heading-title.elementor-size-medium{font-size:19px}.elementor-widget-heading .elementor-heading-title.elementor-size-large{font-size:29px}.elementor-widget-heading .elementor-heading-title.elementor-size-xl{font-size:39px}.elementor-widget-heading .elementor-heading-title.elementor-size-xxl{font-size:59px}<\/style><h2 class=\"elementor-heading-title elementor-size-default\">Mi intervenci\u00f3n en el acto<\/h2>\t\t<\/div>\n\t\t\t\t<\/div>\n\t\t\t\t<div class=\"elementor-element elementor-element-8ed6175 elementor-widget elementor-widget-text-editor\" data-id=\"8ed6175\" data-element_type=\"widget\" data-widget_type=\"text-editor.default\">\n\t\t\t\t<div class=\"elementor-widget-container\">\n\t\t\t<style>\/*! elementor - v3.20.0 - 20-03-2024 *\/\n.elementor-widget-text-editor.elementor-drop-cap-view-stacked .elementor-drop-cap{background-color:#69727d;color:#fff}.elementor-widget-text-editor.elementor-drop-cap-view-framed .elementor-drop-cap{color:#69727d;border:3px solid;background-color:transparent}.elementor-widget-text-editor:not(.elementor-drop-cap-view-default) .elementor-drop-cap{margin-top:8px}.elementor-widget-text-editor:not(.elementor-drop-cap-view-default) .elementor-drop-cap-letter{width:1em;height:1em}.elementor-widget-text-editor .elementor-drop-cap{float:left;text-align:center;line-height:1;font-size:50px}.elementor-widget-text-editor .elementor-drop-cap-letter{display:inline-block}<\/style>\t\t\t\t<p style=\"text-align: center;\">CLAUSURA II CERTAMEN DE TEATRO \u201cJOS\u00c9 MAR\u00cdA ORTEGA DE LA CRUZ\u201d<br \/>Buenos d\u00edas, amigas y amigos del teatro y de la m\u00fasica y de la poes\u00eda.<br \/>El II Certamen de Teatro \u201cJos\u00e9 Mar\u00eda Ortega de la Cruz\u201d ha vuelto a honrar la memoria de este hijo predilecto de Ronda, que dedic\u00f3 una buena parte de su vida a meternos en el cuerpo el veneno del teatro.<br \/>Esta segunda edici\u00f3n ha vuelto a convocar en el Teatro Vicente Espinel a otro ramillete de obras extraordinarias, que de nuevo han estado muy por encima de la respuesta del p\u00fablico ronde\u00f1o. Yo lo siento doblemente: por una parte, me duele como enamorado del teatro; por la otra, lo lamento profundamente como enamorado de Ronda.<br \/>Cuatro obras, que nos han tra\u00eddo hasta aqu\u00ed el viento fresco del nuevo teatro que se est\u00e1 haciendo en Espa\u00f1a. Desde C\u00f3rdoba, la compa\u00f1\u00eda Squizo Teatro nos puso de manifiesto c\u00f3mo pesan los prejuicios y los fantasmas personales en la b\u00fasqueda de la verdad. Desde Elche, la compa\u00f1\u00eda Teatro en Construcci\u00f3n fue una bocanada de teatro total y moderno; desde Ibi, la Compa\u00f1\u00eda \u201cFont Viva Teatro\u201d nos enfrent\u00f3 al drama de la violencia cotidiana y la degradaci\u00f3n del ser humano. Y, como colof\u00f3n, la Compa\u00f1\u00eda Inhabitans, de Lleida, nos puso ante el gran enigma\u2026 \u00bfllegaremos a tempo de salvar el planeta?<br \/>Es verdad que la asistencia no ha sido masiva, pero tambi\u00e9n debemos entender que el teatro es un bien que hay que proteger al margen de esas contingencias.<br \/>No debemos rendirnos; hay que seguir perseverando en el reto; por eso, animo a todos los organizadores: el TES, ENTREAMIGOS y la Delegaci\u00f3n de Cultura del Ayuntamiento, a que no desmayen ni caigan en la tentaci\u00f3n de abandonar.<br \/>Nada es f\u00e1cil en esta vida. Y todos sab\u00e9is que lo m\u00e1s valioso es aquello que m\u00e1s cuesta. Rendirse no es la soluci\u00f3n. Yo estoy seguro de que, con el tiempo, este certamen ser\u00e1 una referencia a nivel nacional. La importancia de la ciudad y la enorme categor\u00eda de los grupos que participan terminar\u00e1n imponi\u00e9ndose a la abulia y a la apat\u00eda que hemos observado hasta ahora en la respuesta del p\u00fablico. El teatro no es un espect\u00e1culo de masas, sino de gente cultivada. El teatro nos termina enfrentando a nuestra propia vida y eso no est\u00e1 al alcance de muchos. El nivel de este concurso no lo va a dar nunca el n\u00famero de espectadores, sino la calidad de las obras. No obstante, Ronda ha demostrado muchas veces que tiene un alto porcentaje de amantes del teatro y de la escena, que, desgraciadamente, a\u00fan o se ha reflejado en una asistencia razonable, decente y en consonancia con el nivel de afici\u00f3n que aqu\u00ed existe. Todo se andar\u00e1. Paciencia y \u00e1nimo para el Delegado de Cultura, \u00c1ngel, que parece un hombre comprometido con la cultura y que sabe lo que se hace; \u00e1nimo tambi\u00e9n para Mamen, Jos\u00e9 Manuel, Rafalito, Jos\u00e9 Mari y dem\u00e1s gente implicada en su organizaci\u00f3n.<br \/>Termino con un fragmento de mis dos poemas favoritos sobre este universo apasionante de la escena.<br \/>EL TEATRO<br \/>El teatro es vivir en otras vidas,<br \/>el teatro es morir en otras muertes,<br \/>es nunca dar la vida por perdida,<br \/>es un siempre empezar a conocerte.<\/p><p style=\"text-align: center;\">El teatro es abrir una ventana;<br \/>es miedo, es tensi\u00f3n y es agon\u00eda,<br \/>es reunir la noche y la ma\u00f1ana,<br \/>confundir la tristeza y la alegr\u00eda.<\/p><p style=\"text-align: center;\">El teatro es vivir esa aventura<br \/>que sue\u00f1a cualquier alma enamorada;<br \/>es llegar al umbral de la locura,<br \/>es vivir en el filo de la nada.<\/p><p style=\"text-align: center;\">El teatro es sacar de la chistera<br \/>los sue\u00f1os que sembramos en el viento,<\/p><p style=\"text-align: center;\">es empezar a ser el que quisieras,<br \/>es volar sin moverte del asiento.<\/p><p style=\"text-align: center;\">EL ACTOR<br \/>El actor se contempla en el espejo<br \/>y encuentra que su vida es otra vida;<br \/>mete otra identidad en su pellejo<br \/>y acepta un nuevo reto, otra partida.<\/p><p style=\"text-align: center;\">Su mentira est\u00e1 fuera de su esencia,<br \/>su verdad est\u00e1 dentro de su abismo,<br \/>tiene siempre presente en su conciencia<br \/>que su vida es salirse de s\u00ed mismo.<\/p><p style=\"text-align: center;\">En escena el actor se siente eterno,<br \/>\u00e9l y solo \u00e9l; no hay m\u00e1s en su paisaje;<br \/>es capaz de bajar hasta el infierno<br \/>para que suba al cielo el personaje.<\/p>\t\t\t\t\t\t<\/div>\n\t\t\t\t<\/div>\n\t\t\t\t\t<\/div>\n\t\t<\/div>\n\t\t\t\t\t<\/div>\n\t\t<\/section>\n\t\t\t\t<\/div>\n\t\t","protected":false},"excerpt":{"rendered":"<p>Mi intervenci\u00f3n en el acto CLAUSURA II CERTAMEN DE TEATRO \u201cJOS\u00c9 MAR\u00cdA ORTEGA DE LA CRUZ\u201dBuenos d\u00edas, amigas y amigos del teatro y de la m\u00fasica y de la poes\u00eda.El II Certamen de Teatro \u201cJos\u00e9 Mar\u00eda Ortega de la Cruz\u201d ha vuelto a honrar la memoria de este hijo predilecto de Ronda, que dedic\u00f3 una [&hellip;]<\/p>\n","protected":false},"author":1,"featured_media":0,"parent":0,"menu_order":0,"comment_status":"closed","ping_status":"closed","template":"","meta":{"_aioseop_title":"II Certamen de Teatro \"Jos\u00e9 Mar\u00eda Ortega de la Cruz\"","_aioseop_description":"","ngg_post_thumbnail":0,"footnotes":""},"_links":{"self":[{"href":"http:\/\/www.josemariatornay.com\/index.php\/wp-json\/wp\/v2\/pages\/18687"}],"collection":[{"href":"http:\/\/www.josemariatornay.com\/index.php\/wp-json\/wp\/v2\/pages"}],"about":[{"href":"http:\/\/www.josemariatornay.com\/index.php\/wp-json\/wp\/v2\/types\/page"}],"author":[{"embeddable":true,"href":"http:\/\/www.josemariatornay.com\/index.php\/wp-json\/wp\/v2\/users\/1"}],"replies":[{"embeddable":true,"href":"http:\/\/www.josemariatornay.com\/index.php\/wp-json\/wp\/v2\/comments?post=18687"}],"version-history":[{"count":0,"href":"http:\/\/www.josemariatornay.com\/index.php\/wp-json\/wp\/v2\/pages\/18687\/revisions"}],"wp:attachment":[{"href":"http:\/\/www.josemariatornay.com\/index.php\/wp-json\/wp\/v2\/media?parent=18687"}],"curies":[{"name":"wp","href":"https:\/\/api.w.org\/{rel}","templated":true}]}}