{"id":19101,"date":"2020-03-16T19:53:56","date_gmt":"2020-03-16T18:53:56","guid":{"rendered":"http:\/\/www.josemariatornay.com\/?page_id=19101"},"modified":"2020-05-09T14:33:51","modified_gmt":"2020-05-09T13:33:51","slug":"manifiesto-teatro-2020","status":"publish","type":"page","link":"http:\/\/www.josemariatornay.com\/index.php\/manifiesto-teatro-2020\/","title":{"rendered":"MANIFIESTO TEATRO 2020"},"content":{"rendered":"\t\t<div data-elementor-type=\"wp-page\" data-elementor-id=\"19101\" class=\"elementor elementor-19101\">\n\t\t\t\t\t\t<section class=\"elementor-section elementor-top-section elementor-element elementor-element-7a9b512 elementor-section-boxed elementor-section-height-default elementor-section-height-default\" data-id=\"7a9b512\" data-element_type=\"section\">\n\t\t\t\t\t\t<div class=\"elementor-container elementor-column-gap-default\">\n\t\t\t\t\t<div class=\"elementor-column elementor-col-100 elementor-top-column elementor-element elementor-element-2fbabd9\" data-id=\"2fbabd9\" data-element_type=\"column\">\n\t\t\t<div class=\"elementor-widget-wrap elementor-element-populated\">\n\t\t\t\t\t\t<div class=\"elementor-element elementor-element-d740ed3 elementor-widget elementor-widget-heading\" data-id=\"d740ed3\" data-element_type=\"widget\" data-widget_type=\"heading.default\">\n\t\t\t\t<div class=\"elementor-widget-container\">\n\t\t\t<style>\/*! elementor - v3.20.0 - 20-03-2024 *\/\n.elementor-heading-title{padding:0;margin:0;line-height:1}.elementor-widget-heading .elementor-heading-title[class*=elementor-size-]>a{color:inherit;font-size:inherit;line-height:inherit}.elementor-widget-heading .elementor-heading-title.elementor-size-small{font-size:15px}.elementor-widget-heading .elementor-heading-title.elementor-size-medium{font-size:19px}.elementor-widget-heading .elementor-heading-title.elementor-size-large{font-size:29px}.elementor-widget-heading .elementor-heading-title.elementor-size-xl{font-size:39px}.elementor-widget-heading .elementor-heading-title.elementor-size-xxl{font-size:59px}<\/style><h2 class=\"elementor-heading-title elementor-size-default\">Este es el manifiesto que he escrito para el D\u00eda del Teatro, a petici\u00f3n de la Delegaci\u00f3n de Cultura del Ayuntamiento. Desgraciadamente, los acontecimientos han hecho imposible su difusi\u00f3n.<\/h2>\t\t<\/div>\n\t\t\t\t<\/div>\n\t\t\t\t<div class=\"elementor-element elementor-element-355c12c elementor-widget elementor-widget-text-editor\" data-id=\"355c12c\" data-element_type=\"widget\" data-widget_type=\"text-editor.default\">\n\t\t\t\t<div class=\"elementor-widget-container\">\n\t\t\t<style>\/*! elementor - v3.20.0 - 20-03-2024 *\/\n.elementor-widget-text-editor.elementor-drop-cap-view-stacked .elementor-drop-cap{background-color:#69727d;color:#fff}.elementor-widget-text-editor.elementor-drop-cap-view-framed .elementor-drop-cap{color:#69727d;border:3px solid;background-color:transparent}.elementor-widget-text-editor:not(.elementor-drop-cap-view-default) .elementor-drop-cap{margin-top:8px}.elementor-widget-text-editor:not(.elementor-drop-cap-view-default) .elementor-drop-cap-letter{width:1em;height:1em}.elementor-widget-text-editor .elementor-drop-cap{float:left;text-align:center;line-height:1;font-size:50px}.elementor-widget-text-editor .elementor-drop-cap-letter{display:inline-block}<\/style>\t\t\t\t<p><br \/>(27 de marzo de 2020)<br \/>Cuando la vida cotidiana se vuelve una trampa, cuando los que tienen el poder utilizan miserablemente el miedo como una forma m\u00e1s de controlarnos, cuando la pol\u00edtica se convierte en una trinchera en la que la \u00fanica propuesta, el \u00fanico programa consiste en acabar con el contrario, cuando en la vida diaria se usa la mentira para descalificar sin ning\u00fan pudor a quien se oponga a nuestros intereses, a quien opine de otra forma, a quien tenga otra forma de pensar\u2026 entonces es el momento de echarse en los brazos del arte. Por ejemplo, el que preferimos todos los que hoy estamos aqu\u00ed reunidos a su alrededor, el teatro.<br \/>En sus brazos nos sentiremos mejor, nos sentiremos bien, m\u00e1s aut\u00e9nticos, m\u00e1s personas, m\u00e1s humanos. En estos tiempos livianos, el teatro puede proporcionarle un sentido a nuestra vida, aunque sea leve, aunque sea provisional. Algo es algo. Pero no solo puede tener ese valor terap\u00e9utico individual, personal, el teatro es capaz tambi\u00e9n de propiciar el entendimiento, la comprensi\u00f3n, la tolerancia con los dem\u00e1s; tiene, sin duda, una funci\u00f3n social. El teatro nos pone delante de la \u00fanica alternativa a la trivialidad, al mal rollo, a la insignificancia. Un arma que se despliega en dos frentes: el di\u00e1logo como \u00fanica arma de combate y la pasi\u00f3n como aliento \u00faltimo de todas y cada una de las acciones humanas.<br \/>Solo el arte es capaz de hacernos entender que el objetivo no es acabar con los otros, sino entenderlos, comprenderlos e integrarlos; no hay que intentar someter a los dem\u00e1s, sino convivir con ellos, crecer junto a ellos.<br \/>El teatro es, adem\u00e1s, una fuente inagotable de empat\u00eda, esa se\u00f1ora que nos permite vivir en otras vivas, sentir lo que sienten los dem\u00e1s, participar afectivamente de los problemas, las inquietudes y las esperanzas de los otros. Casi nada. Eso ya es mucho en estos tiempos de mezquindades y ego\u00edsmos variados.<br \/>Estamos viviendo tiempos dif\u00edciles; estamos asistienddo a un presente lleno de de banalidad Los docentes nos sentimos especialmente dolidos por esta trivialidad galopante que nos acosa por todas partes, as\u00ed que yo os recomiendo que os enamor\u00e9is a\u00fan m\u00e1s de lo que ya lo est\u00e1is de este nuestro g\u00e9nero sagrado. Muchos afirman y defienden que el teatro no puede ni podr\u00e1 cambiar nada de ese estado de cosas, pero eso no es verdad, porque el teatro es un refugio seguro y eficaz contra la barbarie, la crueldad y las atrocidades a las que tantas veces el ser humano se suele entregar.<br \/>Y, por \u00faltimo, os voy a dar una buena noticia: el teatro no va a desaparecer, porque el teatro forma parte de la vida, lo mismo que el dolor, la alegr\u00eda, el placer y la muerte.<br \/>Por cierto, la palabra teatro procede de la griega theatron, que significa \u201clugar donde se mira\u201d. Parece querernos decir que al teatro se va a ver c\u00f3mo discurren las vidas de otras personas, a contemplar pasivamente las historias que les ocurren a unos personajes que nos son ajenos. Nada m\u00e1s lejos de la realidad. La verdad es que al teatro se acude a vivir en otras vidas, a entender nuestra propia existencia, a sentir nuestra propia precariedad, nuestra consustancial fragilidad humana.<br \/>Pero el teatro es m\u00e1s, es mucho m\u00e1s\u2026<br \/>El teatro es delirio, es fantas\u00eda,<br \/>es magia que se cuela por los poros,<br \/>es navegar usando la poes\u00eda<br \/>en el mar de la escena y de los foros.<br \/>El teatro es consuelo que te eleva,<br \/>es un gran despilfarro de emociones,<br \/>es ba\u00f1arte en un r\u00edo que te lleva<br \/>derecho a un marem\u00e1gnum de pasiones.<br \/>El teatro es vivir en otras vidas,<br \/>el teatro es morir en otras muertes,<br \/>es nunca dar la vida por perdida,<br \/>es un siempre empezar a conocerte.<br \/>El teatro es abrir una ventana;<br \/>es miedo, es tensi\u00f3n y es agon\u00eda,<br \/>es reunir la noche y la ma\u00f1ana,<br \/>confundir la tristeza y la alegr\u00eda.<br \/>El teatro es vivir esa aventura<br \/>que sue\u00f1a cualquier alma enamorada;<br \/>es llegar al umbral de la locura,<br \/>es vivir en el filo de la nada.<br \/>El teatro es sacar de la chistera<br \/>los sue\u00f1os que sembramos en el viento,<br \/>es empezar a ser el que quisieras,<br \/>es volar sin moverte del asiento.<\/p>\t\t\t\t\t\t<\/div>\n\t\t\t\t<\/div>\n\t\t\t\t\t<\/div>\n\t\t<\/div>\n\t\t\t\t\t<\/div>\n\t\t<\/section>\n\t\t\t\t<\/div>\n\t\t","protected":false},"excerpt":{"rendered":"<p>Este es el manifiesto que he escrito para el D\u00eda del Teatro, a petici\u00f3n de la Delegaci\u00f3n de Cultura del Ayuntamiento. Desgraciadamente, los acontecimientos han hecho imposible su difusi\u00f3n. (27 de marzo de 2020)Cuando la vida cotidiana se vuelve una trampa, cuando los que tienen el poder utilizan miserablemente el miedo como una forma m\u00e1s [&hellip;]<\/p>\n","protected":false},"author":1,"featured_media":0,"parent":0,"menu_order":0,"comment_status":"closed","ping_status":"closed","template":"","meta":{"_aioseop_title":"","_aioseop_description":"","ngg_post_thumbnail":0,"footnotes":""},"_links":{"self":[{"href":"http:\/\/www.josemariatornay.com\/index.php\/wp-json\/wp\/v2\/pages\/19101"}],"collection":[{"href":"http:\/\/www.josemariatornay.com\/index.php\/wp-json\/wp\/v2\/pages"}],"about":[{"href":"http:\/\/www.josemariatornay.com\/index.php\/wp-json\/wp\/v2\/types\/page"}],"author":[{"embeddable":true,"href":"http:\/\/www.josemariatornay.com\/index.php\/wp-json\/wp\/v2\/users\/1"}],"replies":[{"embeddable":true,"href":"http:\/\/www.josemariatornay.com\/index.php\/wp-json\/wp\/v2\/comments?post=19101"}],"version-history":[{"count":0,"href":"http:\/\/www.josemariatornay.com\/index.php\/wp-json\/wp\/v2\/pages\/19101\/revisions"}],"wp:attachment":[{"href":"http:\/\/www.josemariatornay.com\/index.php\/wp-json\/wp\/v2\/media?parent=19101"}],"curies":[{"name":"wp","href":"https:\/\/api.w.org\/{rel}","templated":true}]}}