{"id":19674,"date":"2020-04-16T14:33:52","date_gmt":"2020-04-16T13:33:52","guid":{"rendered":"http:\/\/www.josemariatornay.com\/?page_id=19674"},"modified":"2020-04-16T14:38:29","modified_gmt":"2020-04-16T13:38:29","slug":"ronda-perdida","status":"publish","type":"page","link":"http:\/\/www.josemariatornay.com\/index.php\/ronda-perdida\/","title":{"rendered":"RONDA PERDIDA"},"content":{"rendered":"\t\t<div data-elementor-type=\"wp-page\" data-elementor-id=\"19674\" class=\"elementor elementor-19674 elementor-bc-flex-widget\">\n\t\t\t\t\t\t<section class=\"elementor-section elementor-top-section elementor-element elementor-element-ba6504f elementor-section-boxed elementor-section-height-default elementor-section-height-default\" data-id=\"ba6504f\" data-element_type=\"section\">\n\t\t\t\t\t\t<div class=\"elementor-container elementor-column-gap-default\">\n\t\t\t\t\t<div class=\"elementor-column elementor-col-50 elementor-top-column elementor-element elementor-element-f1439e9\" data-id=\"f1439e9\" data-element_type=\"column\">\n\t\t\t<div class=\"elementor-widget-wrap elementor-element-populated\">\n\t\t\t\t\t\t<div class=\"elementor-element elementor-element-a6a76c5 elementor-widget elementor-widget-text-editor\" data-id=\"a6a76c5\" data-element_type=\"widget\" data-widget_type=\"text-editor.default\">\n\t\t\t\t<div class=\"elementor-widget-container\">\n\t\t\t<style>\/*! elementor - v3.20.0 - 20-03-2024 *\/\n.elementor-widget-text-editor.elementor-drop-cap-view-stacked .elementor-drop-cap{background-color:#69727d;color:#fff}.elementor-widget-text-editor.elementor-drop-cap-view-framed .elementor-drop-cap{color:#69727d;border:3px solid;background-color:transparent}.elementor-widget-text-editor:not(.elementor-drop-cap-view-default) .elementor-drop-cap{margin-top:8px}.elementor-widget-text-editor:not(.elementor-drop-cap-view-default) .elementor-drop-cap-letter{width:1em;height:1em}.elementor-widget-text-editor .elementor-drop-cap{float:left;text-align:center;line-height:1;font-size:50px}.elementor-widget-text-editor .elementor-drop-cap-letter{display:inline-block}<\/style>\t\t\t\t<p>Su manifiesta hermosura no le evita la condici\u00f3n de joya perdida entre riscos y montes, en medio de una naturaleza abrupta y escarpada. Nunca ha sido f\u00e1cil acceder a estos parajes naturalmente inh\u00f3spitos. Y ahora, en estos tiempos en los que todo es posible, incluso en Ronda, no hay voluntad de encontrarla, de llevarla al territorio de lo accesible.<br \/>Tal vez ah\u00ed est\u00e9 su embrujo y su encanto. Yo no lo creo y, m\u00e1s bien, siento que, \u00bfno ser\u00eda posible hacer convivir la Ronda ancestral, eterna, de belleza imperdurable, y una Ronda moderna, bien comunicada, y pendiente de su propio desarrollo y el de sus vecinos?<\/p>\t\t\t\t\t\t<\/div>\n\t\t\t\t<\/div>\n\t\t\t\t\t<\/div>\n\t\t<\/div>\n\t\t\t\t<div class=\"elementor-column elementor-col-50 elementor-top-column elementor-element elementor-element-319aa89\" data-id=\"319aa89\" data-element_type=\"column\">\n\t\t\t<div class=\"elementor-widget-wrap elementor-element-populated\">\n\t\t\t\t\t\t<div class=\"elementor-element elementor-element-adc8398 elementor-widget elementor-widget-image\" data-id=\"adc8398\" data-element_type=\"widget\" data-widget_type=\"image.default\">\n\t\t\t\t<div class=\"elementor-widget-container\">\n\t\t\t<style>\/*! elementor - v3.20.0 - 20-03-2024 *\/\n.elementor-widget-image{text-align:center}.elementor-widget-image a{display:inline-block}.elementor-widget-image a img[src$=\".svg\"]{width:48px}.elementor-widget-image img{vertical-align:middle;display:inline-block}<\/style>\t\t\t\t\t\t\t\t\t\t<img fetchpriority=\"high\" decoding=\"async\" width=\"600\" height=\"400\" src=\"http:\/\/www.josemariatornay.com\/wp-content\/uploads\/2020\/04\/RONDA-HERMOSA.jpg\" class=\"attachment-large size-large wp-image-19676\" alt=\"\" srcset=\"http:\/\/www.josemariatornay.com\/wp-content\/uploads\/2020\/04\/RONDA-HERMOSA.jpg 600w, http:\/\/www.josemariatornay.com\/wp-content\/uploads\/2020\/04\/RONDA-HERMOSA-300x200.jpg 300w\" sizes=\"(max-width: 600px) 100vw, 600px\" \/>\t\t\t\t\t\t\t\t\t\t\t\t\t<\/div>\n\t\t\t\t<\/div>\n\t\t\t\t\t<\/div>\n\t\t<\/div>\n\t\t\t\t\t<\/div>\n\t\t<\/section>\n\t\t\t\t<\/div>\n\t\t","protected":false},"excerpt":{"rendered":"<p>Su manifiesta hermosura no le evita la condici\u00f3n de joya perdida entre riscos y montes, en medio de una naturaleza abrupta y escarpada. Nunca ha sido f\u00e1cil acceder a estos parajes naturalmente inh\u00f3spitos. Y ahora, en estos tiempos en los que todo es posible, incluso en Ronda, no hay voluntad de encontrarla, de llevarla al [&hellip;]<\/p>\n","protected":false},"author":1,"featured_media":0,"parent":0,"menu_order":0,"comment_status":"closed","ping_status":"closed","template":"","meta":{"_aioseop_title":"","_aioseop_description":"","ngg_post_thumbnail":0,"footnotes":""},"_links":{"self":[{"href":"http:\/\/www.josemariatornay.com\/index.php\/wp-json\/wp\/v2\/pages\/19674"}],"collection":[{"href":"http:\/\/www.josemariatornay.com\/index.php\/wp-json\/wp\/v2\/pages"}],"about":[{"href":"http:\/\/www.josemariatornay.com\/index.php\/wp-json\/wp\/v2\/types\/page"}],"author":[{"embeddable":true,"href":"http:\/\/www.josemariatornay.com\/index.php\/wp-json\/wp\/v2\/users\/1"}],"replies":[{"embeddable":true,"href":"http:\/\/www.josemariatornay.com\/index.php\/wp-json\/wp\/v2\/comments?post=19674"}],"version-history":[{"count":0,"href":"http:\/\/www.josemariatornay.com\/index.php\/wp-json\/wp\/v2\/pages\/19674\/revisions"}],"wp:attachment":[{"href":"http:\/\/www.josemariatornay.com\/index.php\/wp-json\/wp\/v2\/media?parent=19674"}],"curies":[{"name":"wp","href":"https:\/\/api.w.org\/{rel}","templated":true}]}}