{"id":22195,"date":"2022-01-03T22:50:51","date_gmt":"2022-01-03T21:50:51","guid":{"rendered":"http:\/\/www.josemariatornay.com\/?page_id=22195"},"modified":"2022-04-29T16:35:02","modified_gmt":"2022-04-29T15:35:02","slug":"compas-este-tiempo","status":"publish","type":"page","link":"http:\/\/www.josemariatornay.com\/index.php\/compas-este-tiempo\/","title":{"rendered":"AL COMP\u00c1S DE ESTE TIEMPO"},"content":{"rendered":"\t\t<div data-elementor-type=\"wp-page\" data-elementor-id=\"22195\" class=\"elementor elementor-22195\">\n\t\t\t\t\t\t<section class=\"elementor-section elementor-top-section elementor-element elementor-element-4c720e5 elementor-section-boxed elementor-section-height-default elementor-section-height-default\" data-id=\"4c720e5\" data-element_type=\"section\">\n\t\t\t\t\t\t<div class=\"elementor-container elementor-column-gap-default\">\n\t\t\t\t\t<div class=\"elementor-column elementor-col-50 elementor-top-column elementor-element elementor-element-8c97aca\" data-id=\"8c97aca\" data-element_type=\"column\">\n\t\t\t<div class=\"elementor-widget-wrap elementor-element-populated\">\n\t\t\t\t\t\t<div class=\"elementor-element elementor-element-54758b6 elementor-widget elementor-widget-text-editor\" data-id=\"54758b6\" data-element_type=\"widget\" data-widget_type=\"text-editor.default\">\n\t\t\t\t<div class=\"elementor-widget-container\">\n\t\t\t<style>\/*! elementor - v3.20.0 - 20-03-2024 *\/\n.elementor-widget-text-editor.elementor-drop-cap-view-stacked .elementor-drop-cap{background-color:#69727d;color:#fff}.elementor-widget-text-editor.elementor-drop-cap-view-framed .elementor-drop-cap{color:#69727d;border:3px solid;background-color:transparent}.elementor-widget-text-editor:not(.elementor-drop-cap-view-default) .elementor-drop-cap{margin-top:8px}.elementor-widget-text-editor:not(.elementor-drop-cap-view-default) .elementor-drop-cap-letter{width:1em;height:1em}.elementor-widget-text-editor .elementor-drop-cap{float:left;text-align:center;line-height:1;font-size:50px}.elementor-widget-text-editor .elementor-drop-cap-letter{display:inline-block}<\/style>\t\t\t\t<p>Aqu\u00ed a la izquierda inauguro secci\u00f3n. Al comp\u00e1s de este tiempo absurdo, chapucero e imposible que nos ha tocado transitar, ir\u00e1n surgiendo mis versos. Versos casi siempre dolidos, trasunto de la angustia de peregrinar entre cardos y abruptos terrones. Menos mal que entre las espinas, de vez en cuando, surge alguna rosa, cargada de misterio, de futuro, de esperanza. Acudiendo al ni\u00f1o que sigo llevando dentro a\u00fan me afano en estas cosas que, de otra forma, ser\u00eda imposible abordar. No me impongo ning\u00fan ritmo, tan solo la voluntad de que queden como vayan surgiend, aunque puedan incoporar aristas por la falta de pulido y de ret\u00f3rica. Con la fuerza de lo espont\u00e1neo, de lo que pide salir, porque no puede quedarse dentro, de todo aquello que puede matar si no se le concede la vida.<\/p>\t\t\t\t\t\t<\/div>\n\t\t\t\t<\/div>\n\t\t\t\t\t<\/div>\n\t\t<\/div>\n\t\t\t\t<div class=\"elementor-column elementor-col-50 elementor-top-column elementor-element elementor-element-077f378\" data-id=\"077f378\" data-element_type=\"column\">\n\t\t\t<div class=\"elementor-widget-wrap elementor-element-populated\">\n\t\t\t\t\t\t<div class=\"elementor-element elementor-element-de15182 elementor-widget elementor-widget-heading\" data-id=\"de15182\" data-element_type=\"widget\" data-widget_type=\"heading.default\">\n\t\t\t\t<div class=\"elementor-widget-container\">\n\t\t\t<style>\/*! elementor - v3.20.0 - 20-03-2024 *\/\n.elementor-heading-title{padding:0;margin:0;line-height:1}.elementor-widget-heading .elementor-heading-title[class*=elementor-size-]>a{color:inherit;font-size:inherit;line-height:inherit}.elementor-widget-heading .elementor-heading-title.elementor-size-small{font-size:15px}.elementor-widget-heading .elementor-heading-title.elementor-size-medium{font-size:19px}.elementor-widget-heading .elementor-heading-title.elementor-size-large{font-size:29px}.elementor-widget-heading .elementor-heading-title.elementor-size-xl{font-size:39px}.elementor-widget-heading .elementor-heading-title.elementor-size-xxl{font-size:59px}<\/style><h2 class=\"elementor-heading-title elementor-size-default\">Al ritmo de este tiempo<\/h2>\t\t<\/div>\n\t\t\t\t<\/div>\n\t\t\t\t<div class=\"elementor-element elementor-element-5c11afd elementor-widget elementor-widget-text-editor\" data-id=\"5c11afd\" data-element_type=\"widget\" data-widget_type=\"text-editor.default\">\n\t\t\t\t<div class=\"elementor-widget-container\">\n\t\t\t\t\t\t\t<p>Quiero rascar mi alma,<br \/>pulir lo que anda dentro,<br \/>limpiar lo que est\u00e1 sucio,<br \/>ordenar lo que suelo<br \/>tener desordenado,<br \/>sin orden\u00a0 ni concierto.<br \/>Respirar por la herida,<br \/>que dejan los recuerdos,<br \/>al ritmo de la historia,<br \/>al comp\u00e1s de este tiempo;<br \/>de este\u00a0 tiempo imposible,<br \/>de este sue\u00f1o sin sue\u00f1os,<br \/>de este volc\u00e1n que arroja<br \/>basura del infierno.<\/p>\t\t\t\t\t\t<\/div>\n\t\t\t\t<\/div>\n\t\t\t\t\t<\/div>\n\t\t<\/div>\n\t\t\t\t\t<\/div>\n\t\t<\/section>\n\t\t\t\t<section class=\"elementor-section elementor-top-section elementor-element elementor-element-a9d30f4 elementor-section-boxed elementor-section-height-default elementor-section-height-default\" data-id=\"a9d30f4\" data-element_type=\"section\">\n\t\t\t\t\t\t<div class=\"elementor-container elementor-column-gap-default\">\n\t\t\t\t\t<div class=\"elementor-column elementor-col-33 elementor-top-column elementor-element elementor-element-3fde959\" data-id=\"3fde959\" data-element_type=\"column\">\n\t\t\t<div class=\"elementor-widget-wrap elementor-element-populated\">\n\t\t\t\t\t\t<div class=\"elementor-element elementor-element-e50909c elementor-widget elementor-widget-heading\" data-id=\"e50909c\" data-element_type=\"widget\" data-widget_type=\"heading.default\">\n\t\t\t\t<div class=\"elementor-widget-container\">\n\t\t\t<h2 class=\"elementor-heading-title elementor-size-default\">Los recuerdos<\/h2>\t\t<\/div>\n\t\t\t\t<\/div>\n\t\t\t\t<div class=\"elementor-element elementor-element-2c07305 elementor-widget elementor-widget-text-editor\" data-id=\"2c07305\" data-element_type=\"widget\" data-widget_type=\"text-editor.default\">\n\t\t\t\t<div class=\"elementor-widget-container\">\n\t\t\t\t\t\t\t<p>Los recuerdos duelen,<br \/>como duele la vida,<br \/>como duelen los sue\u00f1os<br \/>que se escapan al alba.<br \/>Los recuerdos son perros<br \/>que te muerden por dentro<br \/>con bocados sedientos<br \/>de hielo y de venganza.<br \/>Los recuerdos olvidan<br \/>que son parte de ti,<br \/>que comparten contigo<br \/>los pasillos del alma<br \/>y parece que vuelan,<br \/>pero nunca se marchan.<\/p><p>\u00a0<\/p><p><br \/><br \/><\/p>\t\t\t\t\t\t<\/div>\n\t\t\t\t<\/div>\n\t\t\t\t\t<\/div>\n\t\t<\/div>\n\t\t\t\t<div class=\"elementor-column elementor-col-33 elementor-top-column elementor-element elementor-element-e15b94e\" data-id=\"e15b94e\" data-element_type=\"column\">\n\t\t\t<div class=\"elementor-widget-wrap elementor-element-populated\">\n\t\t\t\t\t\t<div class=\"elementor-element elementor-element-d7cd3a5 elementor-widget elementor-widget-heading\" data-id=\"d7cd3a5\" data-element_type=\"widget\" data-widget_type=\"heading.default\">\n\t\t\t\t<div class=\"elementor-widget-container\">\n\t\t\t<h2 class=\"elementor-heading-title elementor-size-default\">Soneto desolado<\/h2>\t\t<\/div>\n\t\t\t\t<\/div>\n\t\t\t\t<div class=\"elementor-element elementor-element-d8363ad elementor-widget elementor-widget-text-editor\" data-id=\"d8363ad\" data-element_type=\"widget\" data-widget_type=\"text-editor.default\">\n\t\t\t\t<div class=\"elementor-widget-container\">\n\t\t\t\t\t\t\t<p>Un camino perdido, una derrota,<br \/>una sed insaciable, una locura,<br \/>una verdad terrible, una amargura,<br \/>una fuente vencida que se agota.<\/p><p>Un ser sin ser, un vivo que es un muerto,<br \/>una esperanza rota, una canci\u00f3n,<br \/>un alma desolada, un coraz\u00f3n,<br \/>una rosa que crece en un desierto.<\/p><p>Me duelen tanto odio y tanto miedo<br \/>campando por las calles sin medida,<br \/>me asfixia ese rencor incontenible,<\/p><p>tanto me duele, tanto, que no puedo<br \/>seguir aventurando esta partida,<br \/>no quiero sufrir m\u00e1s con lo insufrible.<\/p>\t\t\t\t\t\t<\/div>\n\t\t\t\t<\/div>\n\t\t\t\t\t<\/div>\n\t\t<\/div>\n\t\t\t\t<div class=\"elementor-column elementor-col-33 elementor-top-column elementor-element elementor-element-e1ee567\" data-id=\"e1ee567\" data-element_type=\"column\">\n\t\t\t<div class=\"elementor-widget-wrap elementor-element-populated\">\n\t\t\t\t\t\t<div class=\"elementor-element elementor-element-09906ef elementor-widget elementor-widget-heading\" data-id=\"09906ef\" data-element_type=\"widget\" data-widget_type=\"heading.default\">\n\t\t\t\t<div class=\"elementor-widget-container\">\n\t\t\t<h2 class=\"elementor-heading-title elementor-size-default\">Soledad<\/h2>\t\t<\/div>\n\t\t\t\t<\/div>\n\t\t\t\t<div class=\"elementor-element elementor-element-ce17203 elementor-widget elementor-widget-text-editor\" data-id=\"ce17203\" data-element_type=\"widget\" data-widget_type=\"text-editor.default\">\n\t\t\t\t<div class=\"elementor-widget-container\">\n\t\t\t\t\t\t\t<p><br \/>El domingo es eterno<br \/>en el vientre profundo<br \/>de la luna desierta.<br \/>Y la luz ya no alumbra<br \/>en la frente marchita<br \/>del coraz\u00f3n helado.<br \/>Hay soles solitarios<br \/>navegando sin rumbo<br \/>sin conciencia, sin pausa.<br \/>Y mis manos se pierden<br \/>mientras buscan a tientas<br \/>al viejo que resiste<br \/>detr\u00e1s de las palabras.<\/p>\t\t\t\t\t\t<\/div>\n\t\t\t\t<\/div>\n\t\t\t\t\t<\/div>\n\t\t<\/div>\n\t\t\t\t\t<\/div>\n\t\t<\/section>\n\t\t\t\t<section class=\"elementor-section elementor-top-section elementor-element elementor-element-d52c3f1 elementor-section-boxed elementor-section-height-default elementor-section-height-default\" data-id=\"d52c3f1\" data-element_type=\"section\">\n\t\t\t\t\t\t<div class=\"elementor-container elementor-column-gap-default\">\n\t\t\t\t\t<div class=\"elementor-column elementor-col-33 elementor-top-column elementor-element elementor-element-0311ee9\" data-id=\"0311ee9\" data-element_type=\"column\">\n\t\t\t<div class=\"elementor-widget-wrap elementor-element-populated\">\n\t\t\t\t\t\t<div class=\"elementor-element elementor-element-66fc510 elementor-widget elementor-widget-heading\" data-id=\"66fc510\" data-element_type=\"widget\" data-widget_type=\"heading.default\">\n\t\t\t\t<div class=\"elementor-widget-container\">\n\t\t\t<h2 class=\"elementor-heading-title elementor-size-default\">Fr\u00edo<\/h2>\t\t<\/div>\n\t\t\t\t<\/div>\n\t\t\t\t<div class=\"elementor-element elementor-element-368b2a1 elementor-widget elementor-widget-text-editor\" data-id=\"368b2a1\" data-element_type=\"widget\" data-widget_type=\"text-editor.default\">\n\t\t\t\t<div class=\"elementor-widget-container\">\n\t\t\t\t\t\t\t<p>Esta nieve en el alma marchita,<br \/>de sue\u00f1os despojada,<br \/>contra el viento y marea<br \/>de los nuevos tiempos.<br \/>Frente al celo maldito<br \/>de la maldad campante,<br \/>resbalando en la bilis<br \/>que por doquier se esparce,<br \/>perdida en la ralea podrida,<br \/>viscosa y maloliente<br \/>de las cosas sagradas,<br \/>que nada llevan dentro:<br \/>solo voces vac\u00edas.<\/p>\t\t\t\t\t\t<\/div>\n\t\t\t\t<\/div>\n\t\t\t\t<div class=\"elementor-element elementor-element-592ec91 elementor-widget elementor-widget-heading\" data-id=\"592ec91\" data-element_type=\"widget\" data-widget_type=\"heading.default\">\n\t\t\t\t<div class=\"elementor-widget-container\">\n\t\t\t<h2 class=\"elementor-heading-title elementor-size-default\">Disp\u00e1rame<\/h2>\t\t<\/div>\n\t\t\t\t<\/div>\n\t\t\t\t<div class=\"elementor-element elementor-element-6107dda elementor-widget elementor-widget-text-editor\" data-id=\"6107dda\" data-element_type=\"widget\" data-widget_type=\"text-editor.default\">\n\t\t\t\t<div class=\"elementor-widget-container\">\n\t\t\t\t\t\t\t<p>\u00a0<\/p><p style=\"text-align: center;\">Disp\u00e1rame las balas de tus ojos,<br \/>que me inunden las lunas de tus labios,<br \/>que tu Sol sea la estrella de mi cielo,<br \/>tu ser, el arquitecto de mi espacio.<br \/>As\u00ed podr\u00e9 llorar si no me miras<br \/>y re\u00edr en mi mundo solitario,<br \/>para llevar tu voz y mis canciones<br \/>al \u00faltimo rinc\u00f3n del calendario.<br \/>Vivir es cabalgar sobre una nube,<br \/>re\u00edr, llorar, morir en el naufragio,<br \/>que vamos construyendo paso a paso;<br \/>ser otro siendo t\u00fa en el escenario.<\/p>\t\t\t\t\t\t<\/div>\n\t\t\t\t<\/div>\n\t\t\t\t\t<\/div>\n\t\t<\/div>\n\t\t\t\t<div class=\"elementor-column elementor-col-33 elementor-top-column elementor-element elementor-element-0ec7d9b\" data-id=\"0ec7d9b\" data-element_type=\"column\">\n\t\t\t<div class=\"elementor-widget-wrap elementor-element-populated\">\n\t\t\t\t\t\t<div class=\"elementor-element elementor-element-56ec9ca elementor-widget elementor-widget-heading\" data-id=\"56ec9ca\" data-element_type=\"widget\" data-widget_type=\"heading.default\">\n\t\t\t\t<div class=\"elementor-widget-container\">\n\t\t\t<h2 class=\"elementor-heading-title elementor-size-default\">Pasar<\/h2>\t\t<\/div>\n\t\t\t\t<\/div>\n\t\t\t\t<div class=\"elementor-element elementor-element-b4f7cac elementor-widget elementor-widget-text-editor\" data-id=\"b4f7cac\" data-element_type=\"widget\" data-widget_type=\"text-editor.default\">\n\t\t\t\t<div class=\"elementor-widget-container\">\n\t\t\t\t\t\t\t<p>Y piensas que no todo est\u00e1 perdido,<br \/>y aunque siempre el destino es la derrota,<br \/>y la vida, una marcha hacia el olvido,<br \/>te sientes sabio en una piel de idiota.<\/p><p>Es nuestro sino, andar, correr, luchar,<br \/>arrastrarnos, trepar, volar, sentir,<br \/>querer, amar, obedecer, so\u00f1ar,<br \/>desear, esperar, vivir, morir.<\/p><p>Ver pasar sin tocar aquellas cosas<br \/>que m\u00e1s te gustar\u00eda poseer,<br \/>las mejores, tambi\u00e9n las m\u00e1s hermosas,<\/p><p>fantasmas sin piedad que antes de ser<br \/>se pierden en el aire silenciosas<br \/>camino de la nada y del ayer.<\/p>\t\t\t\t\t\t<\/div>\n\t\t\t\t<\/div>\n\t\t\t\t<div class=\"elementor-element elementor-element-e152714 elementor-widget elementor-widget-heading\" data-id=\"e152714\" data-element_type=\"widget\" data-widget_type=\"heading.default\">\n\t\t\t\t<div class=\"elementor-widget-container\">\n\t\t\t<h2 class=\"elementor-heading-title elementor-size-default\">Ese azul<\/h2>\t\t<\/div>\n\t\t\t\t<\/div>\n\t\t\t\t<div class=\"elementor-element elementor-element-a5b3401 elementor-widget elementor-widget-text-editor\" data-id=\"a5b3401\" data-element_type=\"widget\" data-widget_type=\"text-editor.default\">\n\t\t\t\t<div class=\"elementor-widget-container\">\n\t\t\t\t\t\t\t<p>Y ese azul que te invade<br \/>cuando nadie lo espera,<br \/>cuando seguir andando<br \/>es una dura cuesta,<br \/>\u00bfd\u00f3nde esconde sus besos,<br \/>d\u00f3nde su luz de fiesta?<br \/>\u00bfD\u00f3nde est\u00e1n sus caricias<br \/>y su carne morena?<br \/>\u00bfD\u00f3nde oculta el abrigo<br \/>que a diario te niega?<br \/>\u00a1Que pena que no viva<br \/>siempre, siempre a mi vera!<\/p>\t\t\t\t\t\t<\/div>\n\t\t\t\t<\/div>\n\t\t\t\t\t<\/div>\n\t\t<\/div>\n\t\t\t\t<div class=\"elementor-column elementor-col-33 elementor-top-column elementor-element elementor-element-332b907\" data-id=\"332b907\" data-element_type=\"column\">\n\t\t\t<div class=\"elementor-widget-wrap elementor-element-populated\">\n\t\t\t\t\t\t<div class=\"elementor-element elementor-element-b5f7e9b elementor-widget elementor-widget-heading\" data-id=\"b5f7e9b\" data-element_type=\"widget\" data-widget_type=\"heading.default\">\n\t\t\t\t<div class=\"elementor-widget-container\">\n\t\t\t<h2 class=\"elementor-heading-title elementor-size-default\">Precariedad<\/h2>\t\t<\/div>\n\t\t\t\t<\/div>\n\t\t\t\t<div class=\"elementor-element elementor-element-1774fef elementor-widget elementor-widget-text-editor\" data-id=\"1774fef\" data-element_type=\"widget\" data-widget_type=\"text-editor.default\">\n\t\t\t\t<div class=\"elementor-widget-container\">\n\t\t\t\t\t\t\t<p><br \/>\u00bfY cu\u00e1ntas horas caben<br \/>en el minuto amargo<br \/>del dolor que te anula,<br \/>del miedo que te invade?<br \/>\u00bfY cu\u00e1nta soledad<br \/>en el pecho que llora<br \/>su nada compartida,<br \/>su ser sin ser de nadie?<br \/>\u00bfY cu\u00e1nta sed inunda<br \/>al alma seca y fr\u00eda,<br \/>que vuela sin remedio<br \/>al capricho del aire?<\/p>\t\t\t\t\t\t<\/div>\n\t\t\t\t<\/div>\n\t\t\t\t<div class=\"elementor-element elementor-element-fa86847 elementor-widget elementor-widget-heading\" data-id=\"fa86847\" data-element_type=\"widget\" data-widget_type=\"heading.default\">\n\t\t\t\t<div class=\"elementor-widget-container\">\n\t\t\t<h2 class=\"elementor-heading-title elementor-size-default\">\nDescansar<\/h2>\t\t<\/div>\n\t\t\t\t<\/div>\n\t\t\t\t<div class=\"elementor-element elementor-element-052ff2d elementor-widget elementor-widget-text-editor\" data-id=\"052ff2d\" data-element_type=\"widget\" data-widget_type=\"text-editor.default\">\n\t\t\t\t<div class=\"elementor-widget-container\">\n\t\t\t\t\t\t\t<p><br \/>Descansar de las cosas,<br \/>descansar del espacio y del tiempo,<br \/>descansar de las nubes,<br \/>de las olas, del fr\u00edo y del viento.<br \/>Descansar del ayer, del ma\u00f1ana,<br \/>de los sabios, los necios,<br \/>de la sed, el dolor, la derrota,<br \/>descansar de los muertos.<br \/>De los vivos, los buenos, los malos,<br \/>Descansar de los miedos.<\/p><p>Descansar de la mierda,<br \/>que se esparce por todos los sitios,<br \/>descansar de los otros,<br \/>descansar de m\u00ed mismo.<\/p>\t\t\t\t\t\t<\/div>\n\t\t\t\t<\/div>\n\t\t\t\t\t<\/div>\n\t\t<\/div>\n\t\t\t\t\t<\/div>\n\t\t<\/section>\n\t\t\t\t<section class=\"elementor-section elementor-top-section elementor-element elementor-element-9d78790 elementor-section-boxed elementor-section-height-default elementor-section-height-default\" data-id=\"9d78790\" data-element_type=\"section\">\n\t\t\t\t\t\t<div class=\"elementor-container elementor-column-gap-default\">\n\t\t\t\t\t<div class=\"elementor-column elementor-col-33 elementor-top-column elementor-element elementor-element-06627af\" data-id=\"06627af\" data-element_type=\"column\">\n\t\t\t<div class=\"elementor-widget-wrap elementor-element-populated\">\n\t\t\t\t\t\t<div class=\"elementor-element elementor-element-dc6cf38 elementor-widget elementor-widget-heading\" data-id=\"dc6cf38\" data-element_type=\"widget\" data-widget_type=\"heading.default\">\n\t\t\t\t<div class=\"elementor-widget-container\">\n\t\t\t<h2 class=\"elementor-heading-title elementor-size-default\">Consuelo<\/h2>\t\t<\/div>\n\t\t\t\t<\/div>\n\t\t\t\t<div class=\"elementor-element elementor-element-b9c536b elementor-widget elementor-widget-text-editor\" data-id=\"b9c536b\" data-element_type=\"widget\" data-widget_type=\"text-editor.default\">\n\t\t\t\t<div class=\"elementor-widget-container\">\n\t\t\t\t\t\t\t<p><br \/>Mira que pesan las losas<br \/>con las que el vil calendario<br \/>va construyendo tu historia<br \/>a lo largo de los a\u00f1os.<\/p><p>\u00a1Hay que ver c\u00f3mo sin pausa<br \/>va controlando tu espacio<br \/>el tiempo que golpe a golpe<br \/>te va venciendo a su paso!<\/p><p>Aunque ya sabes que somos<br \/>m\u00e1s viejos, pero m\u00e1s sabios,<br \/>un consuelo que consuela:<br \/>un consuelo que hace da\u00f1o.<\/p>\t\t\t\t\t\t<\/div>\n\t\t\t\t<\/div>\n\t\t\t\t\t<\/div>\n\t\t<\/div>\n\t\t\t\t<div class=\"elementor-column elementor-col-33 elementor-top-column elementor-element elementor-element-6562a7f\" data-id=\"6562a7f\" data-element_type=\"column\">\n\t\t\t<div class=\"elementor-widget-wrap elementor-element-populated\">\n\t\t\t\t\t\t<div class=\"elementor-element elementor-element-cd93dc3 elementor-widget elementor-widget-heading\" data-id=\"cd93dc3\" data-element_type=\"widget\" data-widget_type=\"heading.default\">\n\t\t\t\t<div class=\"elementor-widget-container\">\n\t\t\t<h2 class=\"elementor-heading-title elementor-size-default\">Pasar<\/h2>\t\t<\/div>\n\t\t\t\t<\/div>\n\t\t\t\t<div class=\"elementor-element elementor-element-1684ddd elementor-widget elementor-widget-text-editor\" data-id=\"1684ddd\" data-element_type=\"widget\" data-widget_type=\"text-editor.default\">\n\t\t\t\t<div class=\"elementor-widget-container\">\n\t\t\t\t\t\t\t<p>\u00bfY pasar de todo?<\/p><p>\u00bfDe todo lo que duele?<\/p><p>\u00a1De todo lo que quema?<\/p><p>\u00bfSer\u00e1 la soluci\u00f3n,<\/p><p>la humana soluci\u00f3n?<\/p><p>Pasar de los desprecios<\/p><p>y de los desplantes,<\/p><p>de las tristes palabras<\/p><p>y de los tristes dioses.<\/p><p>Pasar de todo.<\/p>\t\t\t\t\t\t<\/div>\n\t\t\t\t<\/div>\n\t\t\t\t\t<\/div>\n\t\t<\/div>\n\t\t\t\t<div class=\"elementor-column elementor-col-33 elementor-top-column elementor-element elementor-element-896fd3d\" data-id=\"896fd3d\" data-element_type=\"column\">\n\t\t\t<div class=\"elementor-widget-wrap elementor-element-populated\">\n\t\t\t\t\t\t<div class=\"elementor-element elementor-element-82c04d3 elementor-widget elementor-widget-heading\" data-id=\"82c04d3\" data-element_type=\"widget\" data-widget_type=\"heading.default\">\n\t\t\t\t<div class=\"elementor-widget-container\">\n\t\t\t<h2 class=\"elementor-heading-title elementor-size-default\">Tus ojos<\/h2>\t\t<\/div>\n\t\t\t\t<\/div>\n\t\t\t\t<div class=\"elementor-element elementor-element-c5ecc22 elementor-widget elementor-widget-text-editor\" data-id=\"c5ecc22\" data-element_type=\"widget\" data-widget_type=\"text-editor.default\">\n\t\t\t\t<div class=\"elementor-widget-container\">\n\t\t\t\t\t\t\t<p>No hay nada que me inunde<\/p><p>como el mar de tu pelo,<\/p><p>ni nada que me avente<\/p><p>como tu sol al viento.<\/p><p>No hay luz que alumbre m\u00e1s,<\/p><p>ni m\u00e1s ardiente fuego.<\/p><p>Tus ojos son las luces<\/p><p>que alumbran mi sendero.<\/p>\t\t\t\t\t\t<\/div>\n\t\t\t\t<\/div>\n\t\t\t\t\t<\/div>\n\t\t<\/div>\n\t\t\t\t\t<\/div>\n\t\t<\/section>\n\t\t\t\t<section class=\"elementor-section elementor-top-section elementor-element elementor-element-7ab15ce elementor-section-boxed elementor-section-height-default elementor-section-height-default\" data-id=\"7ab15ce\" data-element_type=\"section\">\n\t\t\t\t\t\t<div class=\"elementor-container elementor-column-gap-default\">\n\t\t\t\t\t<div class=\"elementor-column elementor-col-33 elementor-top-column elementor-element elementor-element-9968cb8\" data-id=\"9968cb8\" data-element_type=\"column\">\n\t\t\t<div class=\"elementor-widget-wrap elementor-element-populated\">\n\t\t\t\t\t\t<div class=\"elementor-element elementor-element-5fbc2a8 elementor-widget elementor-widget-heading\" data-id=\"5fbc2a8\" data-element_type=\"widget\" data-widget_type=\"heading.default\">\n\t\t\t\t<div class=\"elementor-widget-container\">\n\t\t\t<h2 class=\"elementor-heading-title elementor-size-default\">La locura del ser<\/h2>\t\t<\/div>\n\t\t\t\t<\/div>\n\t\t\t\t<div class=\"elementor-element elementor-element-cec182d elementor-widget elementor-widget-text-editor\" data-id=\"cec182d\" data-element_type=\"widget\" data-widget_type=\"text-editor.default\">\n\t\t\t\t<div class=\"elementor-widget-container\">\n\t\t\t\t\t\t\t<p>El ser que hiela el tiempo,<br \/>el eterno escondido,<br \/>el que nunca aparece,<br \/>el que ocupa tu sitio.<br \/>El ser que exige todo,<br \/>que se arropa en tu abrigo,<br \/>que siempre te abandona<br \/>en su inmenso delirio.<br \/>Y no es otro, \u00bferes t\u00fa?<br \/>Tal vez seas t\u00fa mismo,<br \/>un loco sin historia<br \/>camino al precipicio.<\/p>\t\t\t\t\t\t<\/div>\n\t\t\t\t<\/div>\n\t\t\t\t\t<\/div>\n\t\t<\/div>\n\t\t\t\t<div class=\"elementor-column elementor-col-33 elementor-top-column elementor-element elementor-element-75106d2\" data-id=\"75106d2\" data-element_type=\"column\">\n\t\t\t<div class=\"elementor-widget-wrap elementor-element-populated\">\n\t\t\t\t\t\t<div class=\"elementor-element elementor-element-cb974a3 elementor-widget elementor-widget-heading\" data-id=\"cb974a3\" data-element_type=\"widget\" data-widget_type=\"heading.default\">\n\t\t\t\t<div class=\"elementor-widget-container\">\n\t\t\t<h2 class=\"elementor-heading-title elementor-size-default\">Vivir<\/h2>\t\t<\/div>\n\t\t\t\t<\/div>\n\t\t\t\t<div class=\"elementor-element elementor-element-165769e elementor-widget elementor-widget-text-editor\" data-id=\"165769e\" data-element_type=\"widget\" data-widget_type=\"text-editor.default\">\n\t\t\t\t<div class=\"elementor-widget-container\">\n\t\t\t\t\t\t\t<p>La esencia es la existencia:<br \/>no hay ser, es existir<br \/>lo que abriga la esencia,<br \/>vivir&#8230; vivir&#8230; vivir&#8230;<br \/>La vida es decidir<br \/>lo que soy, lo que he sido;<br \/>vivir es convertir<br \/>en un ser lo vivido.<\/p><p>La esencia es la existencia,<br \/>es tan solo existir,<br \/>ser forjando la esencia,<br \/>vivir, vivir, vivir.<\/p>\t\t\t\t\t\t<\/div>\n\t\t\t\t<\/div>\n\t\t\t\t\t<\/div>\n\t\t<\/div>\n\t\t\t\t<div class=\"elementor-column elementor-col-33 elementor-top-column elementor-element elementor-element-d3df3e7\" data-id=\"d3df3e7\" data-element_type=\"column\">\n\t\t\t<div class=\"elementor-widget-wrap\">\n\t\t\t\t\t\t\t<\/div>\n\t\t<\/div>\n\t\t\t\t\t<\/div>\n\t\t<\/section>\n\t\t\t\t<\/div>\n\t\t","protected":false},"excerpt":{"rendered":"<p>Aqu\u00ed a la izquierda inauguro secci\u00f3n. Al comp\u00e1s de este tiempo absurdo, chapucero e imposible que nos ha tocado transitar, ir\u00e1n surgiendo mis versos. Versos casi siempre dolidos, trasunto de la angustia de peregrinar entre cardos y abruptos terrones. Menos mal que entre las espinas, de vez en cuando, surge alguna rosa, cargada de misterio, [&hellip;]<\/p>\n","protected":false},"author":1,"featured_media":0,"parent":0,"menu_order":0,"comment_status":"closed","ping_status":"closed","template":"","meta":{"_aioseop_title":"","_aioseop_description":"","ngg_post_thumbnail":0,"footnotes":""},"_links":{"self":[{"href":"http:\/\/www.josemariatornay.com\/index.php\/wp-json\/wp\/v2\/pages\/22195"}],"collection":[{"href":"http:\/\/www.josemariatornay.com\/index.php\/wp-json\/wp\/v2\/pages"}],"about":[{"href":"http:\/\/www.josemariatornay.com\/index.php\/wp-json\/wp\/v2\/types\/page"}],"author":[{"embeddable":true,"href":"http:\/\/www.josemariatornay.com\/index.php\/wp-json\/wp\/v2\/users\/1"}],"replies":[{"embeddable":true,"href":"http:\/\/www.josemariatornay.com\/index.php\/wp-json\/wp\/v2\/comments?post=22195"}],"version-history":[{"count":20,"href":"http:\/\/www.josemariatornay.com\/index.php\/wp-json\/wp\/v2\/pages\/22195\/revisions"}],"predecessor-version":[{"id":22342,"href":"http:\/\/www.josemariatornay.com\/index.php\/wp-json\/wp\/v2\/pages\/22195\/revisions\/22342"}],"wp:attachment":[{"href":"http:\/\/www.josemariatornay.com\/index.php\/wp-json\/wp\/v2\/media?parent=22195"}],"curies":[{"name":"wp","href":"https:\/\/api.w.org\/{rel}","templated":true}]}}