{"id":7244,"date":"2016-11-27T10:43:15","date_gmt":"2016-11-27T09:43:15","guid":{"rendered":"http:\/\/www.josemariatornay.com\/?page_id=7244"},"modified":"2016-11-27T10:43:15","modified_gmt":"2016-11-27T09:43:15","slug":"a-mi-me-mato-un-bolero-pena-flamenca","status":"publish","type":"page","link":"http:\/\/www.josemariatornay.com\/index.php\/a-mi-me-mato-un-bolero-pena-flamenca\/","title":{"rendered":"A m\u00ed me mat\u00f3 un bolero: Pe\u00f1a Flamenca"},"content":{"rendered":"<div class='ngg-tagcloud' id=\"gallery_cfa6d85497b6b2800181df7844488b14\">\n\t\t\tNo images have been tagged.\n\t<\/div>\n","protected":false},"excerpt":{"rendered":"","protected":false},"author":1,"featured_media":0,"parent":0,"menu_order":0,"comment_status":"closed","ping_status":"closed","template":"","meta":{"_aioseop_title":"","_aioseop_description":"","ngg_post_thumbnail":0,"footnotes":""},"_links":{"self":[{"href":"http:\/\/www.josemariatornay.com\/index.php\/wp-json\/wp\/v2\/pages\/7244"}],"collection":[{"href":"http:\/\/www.josemariatornay.com\/index.php\/wp-json\/wp\/v2\/pages"}],"about":[{"href":"http:\/\/www.josemariatornay.com\/index.php\/wp-json\/wp\/v2\/types\/page"}],"author":[{"embeddable":true,"href":"http:\/\/www.josemariatornay.com\/index.php\/wp-json\/wp\/v2\/users\/1"}],"replies":[{"embeddable":true,"href":"http:\/\/www.josemariatornay.com\/index.php\/wp-json\/wp\/v2\/comments?post=7244"}],"version-history":[{"count":0,"href":"http:\/\/www.josemariatornay.com\/index.php\/wp-json\/wp\/v2\/pages\/7244\/revisions"}],"wp:attachment":[{"href":"http:\/\/www.josemariatornay.com\/index.php\/wp-json\/wp\/v2\/media?parent=7244"}],"curies":[{"name":"wp","href":"https:\/\/api.w.org\/{rel}","templated":true}]}}

A mí me mató un bolero: Peña Flamenca
