{"id":8890,"date":"2016-12-07T10:39:59","date_gmt":"2016-12-07T09:39:59","guid":{"rendered":"http:\/\/www.josemariatornay.com\/?page_id=8890"},"modified":"2016-12-07T10:40:37","modified_gmt":"2016-12-07T09:40:37","slug":"malos-tiempos","status":"publish","type":"page","link":"http:\/\/www.josemariatornay.com\/index.php\/malos-tiempos\/","title":{"rendered":"Malos tiempos"},"content":{"rendered":"<p style=\"text-align: center;\">Fuimos cogidos al vuelo,<br \/>\ntorpes y f\u00e1ciles presas,<br \/>\nnos ense\u00f1aron los cuentos<br \/>\nque le ense\u00f1an al que empieza,<br \/>\npara cortarnos las alas,<br \/>\npara enjaularnos mejor;<br \/>\nque hay que aprender desde ni\u00f1o<br \/>\na ser persona mayor.<br \/>\nApagaron nuestras mentes,<br \/>\nnos dijeron que pensar<br \/>\nes una cosa indecente,<br \/>\nes un pecado mortal;<br \/>\nque hay que aprender la obediencia<br \/>\nal dogma, a la autoridad.<br \/>\nCrecimos con la consigna<br \/>\nde amar la mediocridad.<br \/>\nA quince a\u00f1os de aquellos a\u00f1os,<br \/>\n\u00a1qui\u00e9n pudiera regresar<br \/>\ny eternizar los momentos<br \/>\nque sali\u00e9ndonos del tiesto<br \/>\nrespiramos libertad!<br \/>\nY poder reconvertir<br \/>\nen Quijote a Sancho Panza,<br \/>\npasar de tanto convento,<br \/>\ndel Glorioso Movimiento<br \/>\ny de \u00abhacer lo que Dios manda\u00bb.<br \/>\nQue las mujeres son malas,<br \/>\nobjetos de tentaci\u00f3n;<br \/>\npara huir de su influencia<br \/>\nno hay nada que sea mejor<br \/>\nque la pr\u00e1ctica del f\u00fatbol<br \/>\ny el descanso en oraci\u00f3n.<br \/>\nQue hay que vivir muy atentos<br \/>\npor si llega la ocasi\u00f3n.<br \/>\nAunque enemigas del alma<br \/>\nlas mir\u00e1bamos contentos,<br \/>\nque una cosa es la virtud<br \/>\ny otra lo que pide el cuerpo.<br \/>\nPero los pocos romances<br \/>\nque hirieron nuestra pasi\u00f3n,<br \/>\nlos vivimos en silencio,<br \/>\na solas y en un rinc\u00f3n.<br \/>\nA quince a\u00f1os&#8230;<br \/>\nPero no fuimos felices<br \/>\ncon la virtud aprendida:<br \/>\na fuerza de tabletazos<br \/>\nno se transmite la vida.<br \/>\nTuvimos que fabricarnos<br \/>\nnuestra propia identidad,<br \/>\nsobrevolando los traumas<br \/>\nque nos hicieron cargar.<br \/>\nLuchamos por nuestra causa,<br \/>\norinando en los portales,<br \/>\napedreando farolas<br \/>\ny pateando las calles;<br \/>\nque era la mejor manera<br \/>\nde hacer la revoluci\u00f3n,<br \/>\nque por entonces no hab\u00eda<br \/>\notra manera mejor.<br \/>\nA quince a\u00f1os&#8230;<\/p>\n","protected":false},"excerpt":{"rendered":"<p>Fuimos cogidos al vuelo, torpes y f\u00e1ciles presas, nos ense\u00f1aron los cuentos que le ense\u00f1an al que empieza, para cortarnos las alas, para enjaularnos mejor; que hay que aprender desde ni\u00f1o a ser persona mayor. Apagaron nuestras mentes, nos dijeron que pensar es una cosa indecente, es un pecado mortal; que hay que aprender la [&hellip;]<\/p>\n","protected":false},"author":1,"featured_media":0,"parent":0,"menu_order":0,"comment_status":"closed","ping_status":"closed","template":"","meta":{"_aioseop_title":"","_aioseop_description":"","ngg_post_thumbnail":0,"footnotes":""},"_links":{"self":[{"href":"http:\/\/www.josemariatornay.com\/index.php\/wp-json\/wp\/v2\/pages\/8890"}],"collection":[{"href":"http:\/\/www.josemariatornay.com\/index.php\/wp-json\/wp\/v2\/pages"}],"about":[{"href":"http:\/\/www.josemariatornay.com\/index.php\/wp-json\/wp\/v2\/types\/page"}],"author":[{"embeddable":true,"href":"http:\/\/www.josemariatornay.com\/index.php\/wp-json\/wp\/v2\/users\/1"}],"replies":[{"embeddable":true,"href":"http:\/\/www.josemariatornay.com\/index.php\/wp-json\/wp\/v2\/comments?post=8890"}],"version-history":[{"count":0,"href":"http:\/\/www.josemariatornay.com\/index.php\/wp-json\/wp\/v2\/pages\/8890\/revisions"}],"wp:attachment":[{"href":"http:\/\/www.josemariatornay.com\/index.php\/wp-json\/wp\/v2\/media?parent=8890"}],"curies":[{"name":"wp","href":"https:\/\/api.w.org\/{rel}","templated":true}]}}