{"id":8916,"date":"2016-12-07T10:51:47","date_gmt":"2016-12-07T09:51:47","guid":{"rendered":"http:\/\/www.josemariatornay.com\/?page_id=8916"},"modified":"2016-12-07T10:52:08","modified_gmt":"2016-12-07T09:52:08","slug":"nunca-te-olvidare","status":"publish","type":"page","link":"http:\/\/www.josemariatornay.com\/index.php\/nunca-te-olvidare\/","title":{"rendered":"Nunca te olvidar\u00e9"},"content":{"rendered":"<p style=\"text-align: center;\">Aunque me roben el alma<br \/>\nyo nunca te olvidar\u00e9;<br \/>\nen mi mente, en mi coraz\u00f3n<br \/>\nsiempre te tendr\u00e9.<br \/>\nPorque t\u00fa eres mi juventud,<br \/>\nporque el verte me da la luz<br \/>\npara seguir cada ma\u00f1ana<br \/>\npensando en ti.<br \/>\nCuando yo est\u00e9 lejos<br \/>\ny cuando me a\u00f1ores,<br \/>\nestar\u00e1n contigo<br \/>\ntodas mis canciones.<br \/>\nY en cada palabra<br \/>\nsentir\u00e1s mi aliento:Nunca te olvidare<br \/>\nyo ser\u00e9 tu barca,<br \/>\nt\u00fa ser\u00e1s mi viento.<br \/>\nQuiero posarme en tu sombra<br \/>\npara descansar;<br \/>\nquiero seguirte en tus sue\u00f1os<br \/>\ny en tu caminar.<br \/>\nY en tu aire quiero volar<br \/>\npara no poder escapar<br \/>\nde tu sabor y no perder nunca<br \/>\ntu calor.<br \/>\nCuando yo est\u00e9 lejos<br \/>\ny cuando me a\u00f1ores,<br \/>\nestar\u00e1n contigo<br \/>\ntodas mis canciones.<br \/>\nY en cada palabra<br \/>\nsentir\u00e1s mi aliento:<br \/>\nyo ser\u00e9 tu barca,<br \/>\nt\u00fa ser\u00e1s mi viento.<\/p>\n","protected":false},"excerpt":{"rendered":"<p>Aunque me roben el alma yo nunca te olvidar\u00e9; en mi mente, en mi coraz\u00f3n siempre te tendr\u00e9. Porque t\u00fa eres mi juventud, porque el verte me da la luz para seguir cada ma\u00f1ana pensando en ti. Cuando yo est\u00e9 lejos y cuando me a\u00f1ores, estar\u00e1n contigo todas mis canciones. Y en cada palabra sentir\u00e1s [&hellip;]<\/p>\n","protected":false},"author":1,"featured_media":0,"parent":0,"menu_order":0,"comment_status":"closed","ping_status":"closed","template":"","meta":{"_aioseop_title":"","_aioseop_description":"","ngg_post_thumbnail":0,"footnotes":""},"_links":{"self":[{"href":"http:\/\/www.josemariatornay.com\/index.php\/wp-json\/wp\/v2\/pages\/8916"}],"collection":[{"href":"http:\/\/www.josemariatornay.com\/index.php\/wp-json\/wp\/v2\/pages"}],"about":[{"href":"http:\/\/www.josemariatornay.com\/index.php\/wp-json\/wp\/v2\/types\/page"}],"author":[{"embeddable":true,"href":"http:\/\/www.josemariatornay.com\/index.php\/wp-json\/wp\/v2\/users\/1"}],"replies":[{"embeddable":true,"href":"http:\/\/www.josemariatornay.com\/index.php\/wp-json\/wp\/v2\/comments?post=8916"}],"version-history":[{"count":0,"href":"http:\/\/www.josemariatornay.com\/index.php\/wp-json\/wp\/v2\/pages\/8916\/revisions"}],"wp:attachment":[{"href":"http:\/\/www.josemariatornay.com\/index.php\/wp-json\/wp\/v2\/media?parent=8916"}],"curies":[{"name":"wp","href":"https:\/\/api.w.org\/{rel}","templated":true}]}}