{"id":9468,"date":"2016-12-12T19:13:41","date_gmt":"2016-12-12T18:13:41","guid":{"rendered":"http:\/\/www.josemariatornay.com\/?page_id=9468"},"modified":"2016-12-12T19:19:40","modified_gmt":"2016-12-12T18:19:40","slug":"a-mi-me-mato-un-bolero-los-boleros","status":"publish","type":"page","link":"http:\/\/www.josemariatornay.com\/index.php\/a-mi-me-mato-un-bolero-los-boleros\/","title":{"rendered":"A m\u00ed me mat\u00f3 un bolero: Los boleros"},"content":{"rendered":"\t\t<div data-elementor-type=\"wp-page\" data-elementor-id=\"9468\" class=\"elementor elementor-9468 elementor-bc-flex-widget\">\n\t\t\t\t\t\t<section class=\"elementor-section elementor-top-section elementor-element elementor-element-ghhok3s elementor-section-boxed elementor-section-height-default elementor-section-height-default\" data-id=\"ghhok3s\" data-element_type=\"section\">\n\t\t\t\t\t\t<div class=\"elementor-container elementor-column-gap-default\">\n\t\t\t\t\t<div class=\"elementor-column elementor-col-100 elementor-top-column elementor-element elementor-element-1bh7d2a\" data-id=\"1bh7d2a\" data-element_type=\"column\">\n\t\t\t<div class=\"elementor-widget-wrap elementor-element-populated\">\n\t\t\t\t\t\t<div class=\"elementor-element elementor-element-us8e1fi elementor-widget elementor-widget-text-editor\" data-id=\"us8e1fi\" data-element_type=\"widget\" data-widget_type=\"text-editor.default\">\n\t\t\t\t<div class=\"elementor-widget-container\">\n\t\t\t<style>\/*! elementor - v3.20.0 - 20-03-2024 *\/\n.elementor-widget-text-editor.elementor-drop-cap-view-stacked .elementor-drop-cap{background-color:#69727d;color:#fff}.elementor-widget-text-editor.elementor-drop-cap-view-framed .elementor-drop-cap{color:#69727d;border:3px solid;background-color:transparent}.elementor-widget-text-editor:not(.elementor-drop-cap-view-default) .elementor-drop-cap{margin-top:8px}.elementor-widget-text-editor:not(.elementor-drop-cap-view-default) .elementor-drop-cap-letter{width:1em;height:1em}.elementor-widget-text-editor .elementor-drop-cap{float:left;text-align:center;line-height:1;font-size:50px}.elementor-widget-text-editor .elementor-drop-cap-letter{display:inline-block}<\/style>\t\t\t\t<p>Estos son los boleros que me mataron<br \/>1<br \/>HISTORIA DE UN AMOR<br \/>De 1955 es este bolero escrito por Carlos Eleta a ra\u00edz de la muerte de la esposa de su hermano. Una hermos\u00edsima melod\u00eda para una letra enormemente triste.<br \/>2<br \/>LA MEDIA VUELTA<br \/>Es un bolero mexicano original de Jos\u00e9 Alfredo Jim\u00e9nez, con una letra profundamente original, aunque siempre el amor como exclusivo protagonista.<br \/>3<br \/>B\u00c9SAME MUCHO<br \/>Escrito en 1940 por Consuelo Vel\u00e1zquez y basado, seg\u00fan ella, en un aria de Enrique Granados, se trata, tal vez, del bolero m\u00e1s famoso del mundo.<br \/>4<br \/>SOLAMENTE UNA VEZ<br \/>Fruto del gran compositor mejicano Agust\u00edn Lara, es este bolero que se enclava en la l\u00ednea m\u00e1s elegante y tradicional.<br \/>5<br \/>ANGELITOS NEGROS<br \/>Un poema del venezolano Andr\u00e9s Eloy Blanco sirvi\u00f3 para que Antonio Mach\u00edn se convirtiera en el cantante m\u00e1s popular de su \u00e9poca en Espa\u00f1a, con este himno contra la discriminaci\u00f3n racial.<br \/>6<br \/>LA BARCA<br \/>El mejicano Roberto Cantoral es el autor de esta obra maestra, que juega con la met\u00e1fora de la barca como abandono de la playa del amor imposible.<br \/>7<br \/>DOS GARDENIAS<br \/>Isolina Carrillo escribi\u00f3 esta canci\u00f3n para su esposo, el bar\u00edtono Guillermo Arronte. Este precioso himno al amor fue compuesto en 1948.<br \/>8<br \/>TODA UNA VIDA<br \/>Osvaldo Farr\u00e9 tambi\u00e9n es el autor de esta popular\u00edsima canci\u00f3n, que ha servido de banda sonora de varias pel\u00edculas y ha dado compa\u00f1\u00eda a varias generaciones.<br \/>9<br \/>QUIZ\u00c1S, QUIZ\u00c1S, QUIZ\u00c1S<br \/>En 1947 fue compuesto por el cuba no Osvaldo Farr\u00e9s Se trata de uno de los temas m\u00e1s populares y reconocibles de la m\u00fasica en lengua espa\u00f1ola. Curiosamente, ha servido de banda sonora a varias pel\u00edculas en lengua inglesa.<br \/>10<br \/>RELOJ<br \/>Roberto Cantoral compuso esta preciosa canci\u00f3n, en la sala de espera del hospital donde su esposa luchaba entre la vida y la muerte. Ahora se entiende mucho mejor la letra.<br \/>11<br \/>PERFIDIA<br \/>En 1939 compuso el mejicano Alberto Dom\u00ednguez este bolero, que alcanz\u00f3 fama mundial al aparecer formando parte de la banda sonora de la pel\u00edcula Casablanca, bailado por Humphrey Bogart e Ingrid Bergman.<br \/>12<br \/>NOSOTROS<br \/>Pedro Junco, enfermo de tuberculosis, escribe esta despedida a su novia, sabedor de que se trataba entonces de una enfermedad incurable, que se lo termin\u00f3 llevando a los 23 a\u00f1os.<br \/>13<br \/>SABOR A M\u00cd<br \/>Compuesto por el bohemio mejicano \u00c1lvaro Carrillo, este bolero tiene una enorme carga l\u00edrica. El triunfo del amor, por encima del tiempo es el tema de este hermoso poema, de esta bella canci\u00f3n.<br \/>14<br \/>NO S\u00c9 POR QU\u00c9 TE QUIERO<br \/>Este es un bolero moderno, y no por ello, menos sabroso y seductor. Fue compuesto por V\u00edctor Manuel y popularizado por su mujer, Ana Bel\u00e9n, sobre todo en la versi\u00f3n que interpret\u00f3 junto a Antonio Banderas.<br \/>15<br \/>DOS CRUCES<br \/>El bilba\u00edno Carmelo Larrea es el autor de este popular\u00edsimo bolero. Se trata de un cl\u00e1sico, que insiste en los temas tradicionales del g\u00e9nero: amor, separaci\u00f3n, desconsuelo, tristeza, desesperaci\u00f3n\u2026<br \/>16<br \/>SI A VECES HABLO DE TI<br \/>El compositor espa\u00f1ol Manuel Alejandro es su autor y Moncho, el mejor de sus int\u00e9rpretes. Otra muestra m\u00e1s de bolero moderno, aunque fiel al esp\u00edritu tradicional.<br \/>17<br \/>NOCHE DE RONDA<br \/>Otra obra maestra de Agust\u00edn Lara. Y otra muestra del apego que el bolero siente hacia los males del amor: el olvido, el abandono, la ausencia.<br \/>18<br \/>A M\u00cd ME MAT\u00d3 UN BOLERO<br \/>Es el homenaje que desde el grupo ENTREAMIGOS, del TES de Ronda, hacemos a Su Majestad el Bolero. Todo un requiebro enamorado hacia esta m\u00fasica delicada, que un buen d\u00eda decidi\u00f3 cruzar el charco desde Am\u00e9rica.<br \/>19<br \/>SI T\u00da ME DICES VEN<br \/>Inspirado en un poema de Amado Nervo del mismo t\u00edtulo, este bolero, adaptado en su letra por Alfredo Lepera y musicado por Alfredo\u00a0 Gil, del tr\u00edo Los Panchos, es, tal vez, el m\u00e1s famoso y rom\u00e1ntico de todos los boleros.<\/p>\t\t\t\t\t\t<\/div>\n\t\t\t\t<\/div>\n\t\t\t\t\t<\/div>\n\t\t<\/div>\n\t\t\t\t\t<\/div>\n\t\t<\/section>\n\t\t\t\t<\/div>\n\t\t","protected":false},"excerpt":{"rendered":"<p>Estos son los boleros que me mataron1HISTORIA DE UN AMORDe 1955 es este bolero escrito por Carlos Eleta a ra\u00edz de la muerte de la esposa de su hermano. Una hermos\u00edsima melod\u00eda para una letra enormemente triste.2LA MEDIA VUELTAEs un bolero mexicano original de Jos\u00e9 Alfredo Jim\u00e9nez, con una letra profundamente original, aunque siempre el [&hellip;]<\/p>\n","protected":false},"author":1,"featured_media":0,"parent":0,"menu_order":0,"comment_status":"closed","ping_status":"closed","template":"","meta":{"_aioseop_title":"","_aioseop_description":"","ngg_post_thumbnail":0,"footnotes":""},"_links":{"self":[{"href":"http:\/\/www.josemariatornay.com\/index.php\/wp-json\/wp\/v2\/pages\/9468"}],"collection":[{"href":"http:\/\/www.josemariatornay.com\/index.php\/wp-json\/wp\/v2\/pages"}],"about":[{"href":"http:\/\/www.josemariatornay.com\/index.php\/wp-json\/wp\/v2\/types\/page"}],"author":[{"embeddable":true,"href":"http:\/\/www.josemariatornay.com\/index.php\/wp-json\/wp\/v2\/users\/1"}],"replies":[{"embeddable":true,"href":"http:\/\/www.josemariatornay.com\/index.php\/wp-json\/wp\/v2\/comments?post=9468"}],"version-history":[{"count":0,"href":"http:\/\/www.josemariatornay.com\/index.php\/wp-json\/wp\/v2\/pages\/9468\/revisions"}],"wp:attachment":[{"href":"http:\/\/www.josemariatornay.com\/index.php\/wp-json\/wp\/v2\/media?parent=9468"}],"curies":[{"name":"wp","href":"https:\/\/api.w.org\/{rel}","templated":true}]}}