{"id":7754,"date":"2016-11-28T20:00:30","date_gmt":"2016-11-28T19:00:30","guid":{"rendered":"http:\/\/www.josemariatornay.com\/?page_id=7754"},"modified":"2017-02-15T16:32:29","modified_gmt":"2017-02-15T15:32:29","slug":"cicerone-y-trovador-plazas-y-jardines","status":"publish","type":"page","link":"https:\/\/www.josemariatornay.com\/index.php\/cicerone-y-trovador-plazas-y-jardines\/","title":{"rendered":"Cicerone y Trovador: Plazas y Jardines 2"},"content":{"rendered":"<div class=\"art-content-layout\">\n<div class=\"art-content-layout-row\">\n<div class=\"art-layout-cell\" style=\"width: 25%\" >\n<p style=\"text-align: center;\"><img decoding=\"async\" width=\"100\" height=\"104\" alt=\"\" class=\"art-lightbox\" src=\"http:\/\/jmtornay.esy.es\/wp-content\/uploads\/2016\/11\/J.M\u00aaTornay-7.jpg\"><\/p>\n<\/p><\/div>\n<div class=\"art-layout-cell\" style=\"width: 50%\" >\n<p style=\"text-align: center;\"><span style=\"-webkit-border-horizontal-spacing: 2px; -webkit-border-vertical-spacing: 2px;\"><span style=\"font-size: 26px;\">EL CICERONE Y EL TROVADOR<\/span><\/p>\n<p><span style=\"font-size: 16px;\">Un paseo embriagador por nuestra RONDA, de ahora y de siempre<\/span><\/span><\/p>\n<\/p><\/div>\n<div class=\"art-layout-cell\" style=\"width: 25%\" >\n<p style=\"text-align: center;\"><img decoding=\"async\" width=\"100\" height=\"84\" alt=\"\" class=\"art-lightbox\" src=\"http:\/\/jmtornay.esy.es\/wp-content\/uploads\/2016\/11\/ortega-8.jpg\"><\/p>\n<\/p><\/div>\n<\/p><\/div>\n<\/div>\n<div class=\"art-content-layout\">\n<div class=\"art-content-layout-row\">\n<div class=\"art-layout-cell\" style=\"width: 100%\" >\n<p style=\"text-align: center;\"><span style=\"font-size: 20px;\">PLAZA DEL CAMPOLLO<\/span><\/p>\n<\/p><\/div>\n<\/p><\/div>\n<\/div>\n<div class=\"art-content-layout\">\n<div class=\"art-content-layout-row\">\n<div class=\"art-layout-cell\" style=\"width: 50%\" >\n<p style=\"text-align: center;\"><img fetchpriority=\"high\" decoding=\"async\" width=\"332\" height=\"249\" alt=\"\" class=\"art-lightbox\" src=\"http:\/\/jmtornay.esy.es\/wp-content\/uploads\/2016\/11\/1-1-10-1.jpg\"><\/p>\n<p style=\"text-align: center;\"><\/p>\n<p style=\"text-align: center;\"><img loading=\"lazy\" decoding=\"async\" width=\"332\" height=\"249\" alt=\"\" class=\"art-lightbox\" src=\"http:\/\/jmtornay.esy.es\/wp-content\/uploads\/2016\/11\/2-30.jpg\"><\/p>\n<p style=\"text-align: center;\"><img loading=\"lazy\" decoding=\"async\" width=\"332\" height=\"249\" alt=\"\" class=\"art-lightbox\" src=\"http:\/\/jmtornay.esy.es\/wp-content\/uploads\/2016\/11\/3-26.jpg\"><\/p>\n<\/p><\/div>\n<div class=\"art-layout-cell\" style=\"width: 50%\" >\n        Al final de la calle Tenorio se encuentra una plaza, que el pueblo la ha llamado siempre \u201cel Campillo\u201d, tal vez, por su reducido espacio como para ser un campo, y que era, eso, un peque\u00f1o lugar en el que terminaba este sector de Ronda, dando acceso por un camino, situado en el \u00e1ngulo de la derecha, a los antiguos Molinos del Tajo.<br \/>Este camino de los Molinos se ha arreglado y por \u00e9l circulan a diario un buen n\u00famero de turistas, que bajan para disfrutar de las vistas espectaculares del Tajo y el Puente Nuevo.<br \/>\u2028Con la venida de los Salesianos a Ronda en el a\u00f1o de 1.902, \u00e9stos solicitaron que la tal Plaza llevase el nombre de la Virgen que hab\u00eda ayudado a su Santo Fundador a crear la Congregaci\u00f3n: \u201cMar\u00eda Auxiliadora\u201d. La Corporaci\u00f3n de la \u00e9poca lo vio bien y con ese nombre oficial qued\u00f3. Por ello hay un azulejo con la figura de la citada Virgen y la inscripci\u00f3n con su nombre.\u2028<br \/>Se trata de una plaza coqueta y con unas balconadas que dan a la Serran\u00eda y que son un compendio de situaci\u00f3n privilegiada hacia el oeste de Ronda. Desde ella se ven las sierras m\u00e1s importantes de la cadena que cierra este valle, desde el Pe\u00f1\u00f3n del Mure hasta la Sierra de la Peineta. Ello incluye el espectacular Pico de San Crist\u00f3bal y la colecci\u00f3n de medias sierras de tonos grises y verdes que, al atardecer y amanecer, son un regalo que Dios le hace a los ronde\u00f1os para que crean en su existencia.\u2028<br \/>La Plaza cuenta con el muro exterior de la Escuelas Salesianas de Santa Teresa, hoy Conservatorio Elemental de M\u00fasica, que lleva el nombre de su creador Ram\u00f3n Corrales. De igual forma, cuenta con la Casa del matrimonio, desaparecidos hace a\u00f1os, Martos-Avil\u00e9s Casco; una vivienda con una situaci\u00f3n espl\u00e9ndida que se encuentra , en la actualidad, en media ruina, pero cuya situaci\u00f3n y enclave son perfectos; desde ella se disfruta de una panor\u00e1mica maravillosa del todo el sector oeste del Tajo, incluida el Asa de la Caldera. El edificio es una casa solariega con unos jardines estupendos y un interior amplio en dos plantas y un primer s\u00f3tano en el que estaba situado el servicio y las cocinas y en el segundo s\u00f3tano se encontraban los gallineros, las conejeras y un peque\u00f1o huerto. \u2028Esta casa linda, por su parte este con una segregaci\u00f3n que se hizo del Palacio de Mondrag\u00f3n y que en la actualidad ocupa D. Juli\u00e1n de Zulueta y Cebri\u00e1n, ilustre cient\u00edfico de la UNESCO y ex alcalde de nuestra Ciudad, en la segunda legislatura de la democracia.\u2028<br \/>A continuaci\u00f3n, hay una callejuela que lleva a la Plaza de Mondrag\u00f3n y una serie de casa del servicio, que se han restaurado \u00faltimamente con un gusto exquisito, habiendo conservado el sabor \u00e1rabe &#8211; andaluz que ten\u00edan.<\/p>\n<p><\/p>\n<table class=\"art-article\" style=\"width: 100%;\">\n<tbody>\n<tr>\n<td style=\"width: 100%; text-align: center;\">Mirando a ese horizonte tan travieso<br \/>donde el sol se retira hasta ma\u00f1ana,<br \/>la Plaza del Campillo se engalana<br \/>para asistir al m\u00e1gico suceso.<\/p>\n<p>Recibe el homenaje como un beso<br \/>que manda el astro de la frente grana<br \/>y en su pecho se agita la liviana<br \/>nostalgia que reclama su regreso.<\/p>\n<p>En tus jardines siguen mis anhelos<br \/>jugando entre los trozos de una infancia<br \/>que sigue disfrutando en tus balcones.<\/p>\n<p>Escenario de dudas y desvelos,<br \/>universo pre\u00f1ado de fragancia,<br \/>escuela de imborrables emociones.<\/td>\n<\/tr>\n<\/tbody>\n<\/table><\/div>\n<\/p><\/div>\n<\/div>\n","protected":false},"excerpt":{"rendered":"<p>EL CICERONE Y EL TROVADOR Un paseo embriagador por nuestra RONDA, de ahora y de siempre PLAZA DEL CAMPOLLO Al final de la calle Tenorio se encuentra una plaza, que el pueblo la ha llamado siempre \u201cel Campillo\u201d, tal vez, por su reducido espacio como para ser un campo, y que era, eso, un peque\u00f1o [&hellip;]<\/p>\n","protected":false},"author":1,"featured_media":0,"parent":0,"menu_order":0,"comment_status":"closed","ping_status":"closed","template":"","meta":{"_aioseop_title":"","_aioseop_description":"","ngg_post_thumbnail":0,"footnotes":""},"_links":{"self":[{"href":"https:\/\/www.josemariatornay.com\/index.php\/wp-json\/wp\/v2\/pages\/7754"}],"collection":[{"href":"https:\/\/www.josemariatornay.com\/index.php\/wp-json\/wp\/v2\/pages"}],"about":[{"href":"https:\/\/www.josemariatornay.com\/index.php\/wp-json\/wp\/v2\/types\/page"}],"author":[{"embeddable":true,"href":"https:\/\/www.josemariatornay.com\/index.php\/wp-json\/wp\/v2\/users\/1"}],"replies":[{"embeddable":true,"href":"https:\/\/www.josemariatornay.com\/index.php\/wp-json\/wp\/v2\/comments?post=7754"}],"version-history":[{"count":0,"href":"https:\/\/www.josemariatornay.com\/index.php\/wp-json\/wp\/v2\/pages\/7754\/revisions"}],"wp:attachment":[{"href":"https:\/\/www.josemariatornay.com\/index.php\/wp-json\/wp\/v2\/media?parent=7754"}],"curies":[{"name":"wp","href":"https:\/\/api.w.org\/{rel}","templated":true}]}}